CRAN Package Check Results for Package ACCLMA

Last updated on 2020-05-31 00:46:58 CEST.

Flavor Version Tinstall Tcheck Ttotal Status Flags
r-devel-linux-x86_64-debian-clang 1.0 1.82 12.10 13.92 NOTE
r-devel-linux-x86_64-debian-gcc 1.0 1.35 15.02 16.37 NOTE
r-devel-linux-x86_64-fedora-clang 1.0 18.02 NOTE
r-devel-linux-x86_64-fedora-gcc 1.0 16.06 NOTE
r-devel-windows-ix86+x86_64 1.0 10.00 48.00 58.00 NOTE
r-patched-linux-x86_64 1.0 1.66 12.32 13.98 NOTE
r-patched-solaris-x86 1.0 37.70 NOTE
r-release-linux-x86_64 1.0 1.87 12.18 14.05 NOTE
r-release-osx-x86_64 1.0 NOTE
r-release-windows-ix86+x86_64 1.0 6.00 32.00 38.00 NOTE
r-oldrel-osx-x86_64 1.0 NOTE
r-oldrel-windows-ix86+x86_64 1.0 4.00 47.00 51.00 NOTE

Check Details

Version: 1.0
Check: DESCRIPTION meta-information
Result: NOTE
    Malformed Description field: should contain one or more complete sentences.
Flavors: r-devel-linux-x86_64-debian-clang, r-devel-linux-x86_64-debian-gcc, r-devel-linux-x86_64-fedora-clang, r-devel-linux-x86_64-fedora-gcc, r-devel-windows-ix86+x86_64, r-patched-linux-x86_64, r-patched-solaris-x86, r-release-linux-x86_64, r-release-osx-x86_64, r-release-windows-ix86+x86_64, r-oldrel-osx-x86_64, r-oldrel-windows-ix86+x86_64

Version: 1.0
Check: R code for possible problems
Result: NOTE
    fillCSVData: no visible global function definition for 'read.table'
    fillData: no visible global function definition for 'edit'
    plotGraphs: no visible global function definition for 'par'
    plotGraphs: no visible global function definition for 'lines'
    plotGraphs: no visible global function definition for 'legend'
    plotGraphs: no visible global function definition for 'dev.new'
    Undefined global functions or variables:
     dev.new edit legend lines par read.table
    Consider adding
     importFrom("grDevices", "dev.new")
     importFrom("graphics", "legend", "lines", "par")
     importFrom("utils", "edit", "read.table")
    to your NAMESPACE file.
Flavors: r-devel-linux-x86_64-debian-clang, r-devel-linux-x86_64-debian-gcc, r-devel-linux-x86_64-fedora-clang, r-devel-linux-x86_64-fedora-gcc, r-devel-windows-ix86+x86_64, r-patched-linux-x86_64, r-patched-solaris-x86, r-release-linux-x86_64, r-release-osx-x86_64, r-release-windows-ix86+x86_64

Version: 1.0
Check: Rd files
Result: NOTE
    prepare_Rd: ACCLMA-package.Rd:33-34: Dropping empty section \seealso
    prepare_Rd: averageSameXs.Rd:16-18: Dropping empty section \details
    prepare_Rd: averageSameXs.Rd:24-26: Dropping empty section \note
    prepare_Rd: averageSameXs.Rd:20-22: Dropping empty section \references
    prepare_Rd: averageSameXs.Rd:30-32: Dropping empty section \seealso
    prepare_Rd: calcFX.Rd:14-16: Dropping empty section \details
    prepare_Rd: calcFX.Rd:22-24: Dropping empty section \note
    prepare_Rd: calcFX.Rd:18-20: Dropping empty section \references
    prepare_Rd: calcFX.Rd:28-30: Dropping empty section \seealso
    prepare_Rd: calcFY.Rd:17-19: Dropping empty section \details
    prepare_Rd: calcFY.Rd:25-27: Dropping empty section \note
    prepare_Rd: calcFY.Rd:21-23: Dropping empty section \references
    prepare_Rd: calcFY.Rd:31-33: Dropping empty section \seealso
    prepare_Rd: calcLMA.Rd:17-19: Dropping empty section \details
    prepare_Rd: calcLMA.Rd:25-27: Dropping empty section \note
    prepare_Rd: calcLMA.Rd:21-23: Dropping empty section \references
    prepare_Rd: calcLMA.Rd:31-33: Dropping empty section \seealso
    prepare_Rd: calcLOI.Rd:16-18: Dropping empty section \details
    prepare_Rd: calcLOI.Rd:24-26: Dropping empty section \note
    prepare_Rd: calcLOI.Rd:20-22: Dropping empty section \references
    prepare_Rd: calcLOI.Rd:30-32: Dropping empty section \seealso
    prepare_Rd: calcWeights.Rd:16-18: Dropping empty section \details
    prepare_Rd: calcWeights.Rd:24-26: Dropping empty section \note
    prepare_Rd: calcWeights.Rd:20-22: Dropping empty section \references
    prepare_Rd: calcWeights.Rd:30-32: Dropping empty section \seealso
    prepare_Rd: fillCSVData.Rd:19-21: Dropping empty section \details
    prepare_Rd: fillCSVData.Rd:27-29: Dropping empty section \note
    prepare_Rd: fillCSVData.Rd:23-25: Dropping empty section \references
    prepare_Rd: fillCSVData.Rd:33-35: Dropping empty section \seealso
    prepare_Rd: fillData.Rd:12-14: Dropping empty section \details
    prepare_Rd: fillData.Rd:20-22: Dropping empty section \note
    prepare_Rd: fillData.Rd:16-18: Dropping empty section \references
    prepare_Rd: fillData.Rd:26-28: Dropping empty section \seealso
    prepare_Rd: plotGraphs.Rd:17-19: Dropping empty section \details
    prepare_Rd: plotGraphs.Rd:25-27: Dropping empty section \note
    prepare_Rd: plotGraphs.Rd:21-23: Dropping empty section \references
    prepare_Rd: plotGraphs.Rd:31-33: Dropping empty section \seealso
    prepare_Rd: plotLMA.Rd:17-19: Dropping empty section \details
    prepare_Rd: plotLMA.Rd:25-27: Dropping empty section \note
    prepare_Rd: plotLMA.Rd:21-23: Dropping empty section \references
    prepare_Rd: plotLMA.Rd:31-33: Dropping empty section \seealso
    prepare_Rd: size.Rd:15-17: Dropping empty section \details
    prepare_Rd: size.Rd:23-25: Dropping empty section \note
    prepare_Rd: size.Rd:19-21: Dropping empty section \references
    prepare_Rd: size.Rd:29-31: Dropping empty section \seealso
Flavors: r-devel-linux-x86_64-debian-clang, r-devel-linux-x86_64-debian-gcc, r-devel-linux-x86_64-fedora-clang, r-devel-linux-x86_64-fedora-gcc, r-devel-windows-ix86+x86_64, r-patched-linux-x86_64, r-patched-solaris-x86, r-release-linux-x86_64, r-release-osx-x86_64, r-release-windows-ix86+x86_64, r-oldrel-osx-x86_64, r-oldrel-windows-ix86+x86_64

Version: 1.0
Check: R code for possible problems
Result: NOTE
    fillCSVData: no visible global function definition for ‘read.table’
    fillData: no visible global function definition for ‘edit’
    plotGraphs: no visible global function definition for ‘par’
    plotGraphs: no visible global function definition for ‘plot’
    plotGraphs: no visible global function definition for ‘lines’
    plotGraphs: no visible global function definition for ‘legend’
    plotGraphs: no visible global function definition for ‘dev.new’
    Undefined global functions or variables:
     dev.new edit legend lines par plot read.table
    Consider adding
     importFrom("grDevices", "dev.new")
     importFrom("graphics", "legend", "lines", "par", "plot")
     importFrom("utils", "edit", "read.table")
    to your NAMESPACE file.
Flavors: r-oldrel-osx-x86_64, r-oldrel-windows-ix86+x86_64