CRAN Package Check Results for Package ADGofTest

Last updated on 2019-11-18 20:47:11 CET.

Flavor Version Tinstall Tcheck Ttotal Status Flags
r-devel-linux-x86_64-debian-clang 0.3 1.83 11.20 13.03 NOTE
r-devel-linux-x86_64-debian-gcc 0.3 1.31 13.31 14.62 NOTE
r-devel-linux-x86_64-fedora-clang 0.3 21.61 NOTE
r-devel-linux-x86_64-fedora-gcc 0.3 14.88 NOTE
r-devel-windows-ix86+x86_64 0.3 5.00 27.00 32.00 NOTE
r-patched-linux-x86_64 0.3 1.26 10.38 11.64 NOTE
r-patched-solaris-x86 0.3 32.80 NOTE
r-release-linux-x86_64 0.3 1.41 9.15 10.56 NOTE
r-release-windows-ix86+x86_64 0.3 4.00 38.00 42.00 NOTE
r-release-osx-x86_64 0.3 NOTE
r-oldrel-windows-ix86+x86_64 0.3 3.00 26.00 29.00 NOTE
r-oldrel-osx-x86_64 0.3 NOTE

Check Details

Version: 0.3
Check: DESCRIPTION meta-information
Result: NOTE
    Malformed Description field: should contain one or more complete sentences.
Flavors: r-devel-linux-x86_64-debian-clang, r-devel-linux-x86_64-debian-gcc, r-devel-linux-x86_64-fedora-clang, r-devel-linux-x86_64-fedora-gcc, r-devel-windows-ix86+x86_64, r-patched-linux-x86_64, r-patched-solaris-x86, r-release-linux-x86_64, r-release-windows-ix86+x86_64, r-release-osx-x86_64, r-oldrel-windows-ix86+x86_64, r-oldrel-osx-x86_64