CRAN Package Check Results for Package ADGofTest

Last updated on 2020-05-30 04:49:31 CEST.

Flavor Version Tinstall Tcheck Ttotal Status Flags
r-devel-linux-x86_64-debian-clang 0.3 1.76 11.12 12.88 NOTE
r-devel-linux-x86_64-debian-gcc 0.3 1.58 13.75 15.33 NOTE
r-devel-linux-x86_64-fedora-clang 0.3 16.60 NOTE
r-devel-linux-x86_64-fedora-gcc 0.3 15.29 NOTE
r-devel-windows-ix86+x86_64 0.3 9.00 38.00 47.00 NOTE
r-patched-linux-x86_64 0.3 1.74 10.53 12.27 NOTE
r-patched-solaris-x86 0.3 35.60 NOTE
r-release-linux-x86_64 0.3 1.89 10.58 12.47 NOTE
r-release-osx-x86_64 0.3 NOTE
r-release-windows-ix86+x86_64 0.3 6.00 28.00 34.00 NOTE
r-oldrel-osx-x86_64 0.3 NOTE
r-oldrel-windows-ix86+x86_64 0.3 4.00 38.00 42.00 NOTE

Check Details

Version: 0.3
Check: DESCRIPTION meta-information
Result: NOTE
    Malformed Description field: should contain one or more complete sentences.
Flavors: r-devel-linux-x86_64-debian-clang, r-devel-linux-x86_64-debian-gcc, r-devel-linux-x86_64-fedora-clang, r-devel-linux-x86_64-fedora-gcc, r-devel-windows-ix86+x86_64, r-patched-linux-x86_64, r-patched-solaris-x86, r-release-linux-x86_64, r-release-osx-x86_64, r-release-windows-ix86+x86_64, r-oldrel-osx-x86_64, r-oldrel-windows-ix86+x86_64