CRAN Package Check Results for Package ADMMnet

Last updated on 2020-12-01 23:48:21 CET.

Flavor Version Tinstall Tcheck Ttotal Status Flags
r-devel-linux-x86_64-debian-clang 0.1.1 62.56 66.63 129.19 OK
r-devel-linux-x86_64-debian-gcc 0.1.1 33.07 53.82 86.89 OK
r-devel-linux-x86_64-fedora-clang 0.1.1 156.25 NOTE
r-devel-linux-x86_64-fedora-gcc 0.1.1 139.24 NOTE
r-devel-windows-ix86+x86_64 0.1.1 93.00 124.00 217.00 OK
r-patched-linux-x86_64 0.1.1 42.64 64.99 107.63 OK
r-patched-solaris-x86 0.1.1 159.70 OK
r-release-linux-x86_64 0.1.1 38.35 64.80 103.15 OK
r-release-macos-x86_64 0.1.1 NOTE
r-release-windows-ix86+x86_64 0.1.1 75.00 95.00 170.00 OK
r-oldrel-macos-x86_64 0.1.1 NOTE
r-oldrel-windows-ix86+x86_64 0.1.1 67.00 105.00 172.00 OK

Check Details

Version: 0.1.1
Check: installed package size
Result: NOTE
     installed size is 6.5Mb
     sub-directories of 1Mb or more:
     libs 6.3Mb
Flavors: r-devel-linux-x86_64-fedora-clang, r-release-macos-x86_64, r-oldrel-macos-x86_64

Version: 0.1.1
Check: compiled code
Result: NOTE
    File ‘ADMMnet/libs/ADMMnet.so’:
     Found no calls to: ‘R_registerRoutines’, ‘R_useDynamicSymbols’
    
    It is good practice to register native routines and to disable symbol
    search.
    
    See ‘Writing portable packages’ in the ‘Writing R Extensions’ manual.
Flavors: r-devel-linux-x86_64-fedora-clang, r-devel-linux-x86_64-fedora-gcc