CRAN Package Check Results for Package ADPclust

Last updated on 2019-11-18 20:47:11 CET.

Flavor Version Tinstall Tcheck Ttotal Status Flags
r-devel-linux-x86_64-debian-clang 0.7 3.12 59.68 62.80 OK
r-devel-linux-x86_64-debian-gcc 0.7 2.25 43.43 45.68 OK
r-devel-linux-x86_64-fedora-clang 0.7 76.22 NOTE
r-devel-linux-x86_64-fedora-gcc 0.7 84.27 NOTE
r-devel-windows-ix86+x86_64 0.7 14.00 121.00 135.00 OK
r-patched-linux-x86_64 0.7 2.70 57.16 59.86 OK
r-patched-solaris-x86 0.7 126.00 NOTE
r-release-linux-x86_64 0.7 2.63 57.41 60.04 OK
r-release-windows-ix86+x86_64 0.7 5.00 81.00 86.00 OK
r-release-osx-x86_64 0.7 NOTE
r-oldrel-windows-ix86+x86_64 0.7 5.00 86.00 91.00 OK
r-oldrel-osx-x86_64 0.7 NOTE

Check Details

Version: 0.7
Check: dependencies in R code
Result: NOTE
    Namespaces in Imports field not imported from:
     ‘fields’ ‘knitr’
     All declared Imports should be used.
Flavors: r-devel-linux-x86_64-fedora-clang, r-devel-linux-x86_64-fedora-gcc, r-patched-solaris-x86, r-release-osx-x86_64, r-oldrel-osx-x86_64