CRAN Package Check Results for Package ADPclust

Last updated on 2020-05-30 04:49:31 CEST.

Flavor Version Tinstall Tcheck Ttotal Status Flags
r-devel-linux-x86_64-debian-clang 0.7 3.15 62.58 65.73 OK
r-devel-linux-x86_64-debian-gcc 0.7 1.90 44.38 46.28 OK
r-devel-linux-x86_64-fedora-clang 0.7 80.20 NOTE
r-devel-linux-x86_64-fedora-gcc 0.7 80.08 NOTE
r-devel-windows-ix86+x86_64 0.7 10.00 108.00 118.00 OK
r-patched-linux-x86_64 0.7 2.73 61.47 64.20 OK
r-patched-solaris-x86 0.7 126.00 NOTE
r-release-linux-x86_64 0.7 3.14 59.97 63.11 OK
r-release-osx-x86_64 0.7 NOTE
r-release-windows-ix86+x86_64 0.7 8.00 76.00 84.00 OK
r-oldrel-osx-x86_64 0.7 NOTE
r-oldrel-windows-ix86+x86_64 0.7 6.00 79.00 85.00 OK

Check Details

Version: 0.7
Check: dependencies in R code
Result: NOTE
    Namespaces in Imports field not imported from:
     ‘fields’ ‘knitr’
     All declared Imports should be used.
Flavors: r-devel-linux-x86_64-fedora-clang, r-devel-linux-x86_64-fedora-gcc, r-patched-solaris-x86, r-release-osx-x86_64, r-oldrel-osx-x86_64