CRAN Package Check Results for Package AGread

Last updated on 2020-05-31 00:46:59 CEST.

Flavor Version Tinstall Tcheck Ttotal Status Flags
r-devel-linux-x86_64-debian-clang 1.1.1 115.63 57.57 173.20 OK
r-devel-linux-x86_64-debian-gcc 1.1.1 84.01 44.63 128.64 OK
r-devel-linux-x86_64-fedora-clang 1.1.1 244.01 NOTE
r-devel-linux-x86_64-fedora-gcc 1.1.1 222.35 OK
r-devel-windows-ix86+x86_64 1.1.1 285.00 186.00 471.00 OK
r-patched-linux-x86_64 1.1.1 67.95 56.04 123.99 OK
r-patched-solaris-x86 1.1.1 201.10 OK
r-release-linux-x86_64 1.1.1 69.13 57.08 126.21 OK
r-release-osx-x86_64 1.1.1 ERROR
r-release-windows-ix86+x86_64 1.1.1 196.00 128.00 324.00 OK
r-oldrel-osx-x86_64 1.1.1 OK
r-oldrel-windows-ix86+x86_64 1.1.1 226.00 123.00 349.00 OK

Additional issues

clang-UBSAN

Check Details

Version: 1.1.1
Check: installed package size
Result: NOTE
     installed size is 6.0Mb
     sub-directories of 1Mb or more:
     libs 4.6Mb
Flavor: r-devel-linux-x86_64-fedora-clang

Version: 1.1.1
Check: whether package can be installed
Result: ERROR
    Installation failed.
Flavor: r-release-osx-x86_64