CRAN Package Check Results for Package AICcmodavg

Last updated on 2020-12-01 23:48:21 CET.

Flavor Version Tinstall Tcheck Ttotal Status Flags
r-devel-linux-x86_64-debian-clang 2.3-1 107.65 403.18 510.83 OK
r-devel-linux-x86_64-debian-gcc 2.3-1 68.03 311.05 379.08 OK
r-devel-linux-x86_64-fedora-clang 2.3-1 612.48 NOTE
r-devel-linux-x86_64-fedora-gcc 2.3-1 610.12 OK
r-devel-windows-ix86+x86_64 2.3-1 129.00 432.00 561.00 OK
r-patched-linux-x86_64 2.3-1 75.58 378.64 454.22 OK
r-patched-solaris-x86 2.3-1 694.60 OK
r-release-linux-x86_64 2.3-1 81.57 377.87 459.44 OK
r-release-macos-x86_64 2.3-1 OK
r-release-windows-ix86+x86_64 2.3-1 91.00 333.00 424.00 OK
r-oldrel-macos-x86_64 2.3-1 OK
r-oldrel-windows-ix86+x86_64 2.3-1 103.00 407.00 510.00 OK

Check Details

Version: 2.3-1
Check: Rd cross-references
Result: NOTE
    Undeclared packages ‘multcomp’, ‘gmodels’ in Rd xrefs
Flavor: r-devel-linux-x86_64-fedora-clang