CRAN Package Check Results for Package AIG

Last updated on 2019-11-21 23:48:33 CET.

Flavor Version Tinstall Tcheck Ttotal Status Flags
r-devel-linux-x86_64-debian-clang 0.1.9 11.90 43.10 55.00 NOTE
r-devel-linux-x86_64-debian-gcc 0.1.9 10.35 37.08 47.43 NOTE
r-devel-linux-x86_64-fedora-clang 0.1.9 103.52 NOTE
r-devel-linux-x86_64-fedora-gcc 0.1.9 111.62 NOTE
r-devel-windows-ix86+x86_64 0.1.9 37.00 90.00 127.00 OK
r-devel-windows-ix86+x86_64-gcc8 0.1.9 24.00 89.00 113.00 OK
r-patched-linux-x86_64 0.1.9 9.46 40.14 49.60 OK
r-patched-solaris-x86 0.1.9 147.70 OK
r-release-linux-x86_64 0.1.9 10.73 39.03 49.76 OK
r-release-windows-ix86+x86_64 0.1.9 32.00 130.00 162.00 OK
r-release-osx-x86_64 0.1.9 WARN
r-oldrel-windows-ix86+x86_64 0.1.9 12.00 113.00 125.00 OK
r-oldrel-osx-x86_64 0.1.9 WARN

Check Details

Version: 0.1.9
Check: for non-standard things in the check directory
Result: NOTE
    Found the following files/directories:
     'ans_19-2.jpg' 'display2d_19-2.jpg' 'dist(3)_19-2.jpg'
     'dist(4)_19-2.jpg' 'dist(mirror)_19-2.jpg' 'dist(mirror2)_19-2.jpg'
Flavors: r-devel-linux-x86_64-debian-clang, r-devel-linux-x86_64-debian-gcc, r-devel-linux-x86_64-fedora-clang, r-devel-linux-x86_64-fedora-gcc

Version: 0.1.9
Check: whether package can be installed
Result: WARN
    Found the following significant warnings:
     Warning: 'rgl_init' failed, running with rgl.useNULL = TRUE
Flavors: r-release-osx-x86_64, r-oldrel-osx-x86_64