CRAN Package Check Results for Package AIG

Last updated on 2020-12-01 23:48:21 CET.

Flavor Version Tinstall Tcheck Ttotal Status Flags
r-devel-linux-x86_64-debian-clang 0.1.9 15.97 52.88 68.85 NOTE
r-devel-linux-x86_64-debian-gcc 0.1.9 10.19 44.79 54.98 NOTE
r-devel-linux-x86_64-fedora-clang 0.1.9 137.69 NOTE
r-devel-linux-x86_64-fedora-gcc 0.1.9 127.20 NOTE
r-devel-windows-ix86+x86_64 0.1.9 29.00 114.00 143.00 OK
r-patched-linux-x86_64 0.1.9 12.12 48.24 60.36 NOTE
r-patched-solaris-x86 0.1.9 174.80 NOTE
r-release-linux-x86_64 0.1.9 13.55 48.87 62.42 NOTE
r-release-macos-x86_64 0.1.9 OK
r-release-windows-ix86+x86_64 0.1.9 14.00 7.00 21.00 ERROR
r-oldrel-macos-x86_64 0.1.9 WARN
r-oldrel-windows-ix86+x86_64 0.1.9 19.00 105.00 124.00 OK

Check Details

Version: 0.1.9
Check: for non-standard things in the check directory
Result: NOTE
    Found the following files/directories:
     'ans_19-2.jpg' 'display2d_19-2.jpg' 'dist(3)_19-2.jpg'
     'dist(4)_19-2.jpg' 'dist(mirror)_19-2.jpg' 'dist(mirror2)_19-2.jpg'
Flavors: r-devel-linux-x86_64-debian-clang, r-devel-linux-x86_64-debian-gcc, r-devel-linux-x86_64-fedora-clang, r-devel-linux-x86_64-fedora-gcc, r-patched-linux-x86_64, r-patched-solaris-x86, r-release-linux-x86_64

Version: 0.1.9
Check: whether package can be installed
Result: ERROR
    Installation failed.
Flavor: r-release-windows-ix86+x86_64

Version: 0.1.9
Check: whether package can be installed
Result: WARN
    Found the following significant warnings:
     Warning: 'rgl_init' failed, running with rgl.useNULL = TRUE
Flavor: r-oldrel-macos-x86_64