CRAN Package Check Results for Package ANN2

Last updated on 2020-06-06 00:49:20 CEST.

Flavor Version Tinstall Tcheck Ttotal Status Flags
r-devel-linux-x86_64-debian-clang 2.3.3 484.03 67.75 551.78 OK
r-devel-linux-x86_64-debian-gcc 2.3.3 373.59 52.07 425.66 OK
r-devel-linux-x86_64-fedora-clang 2.3.3 929.41 NOTE
r-devel-linux-x86_64-fedora-gcc 2.3.3 703.12 OK
r-devel-windows-ix86+x86_64 2.3.3 952.00 180.00 1132.00 NOTE
r-patched-linux-x86_64 2.3.3 378.83 63.75 442.58 OK
r-patched-solaris-x86 2.3.3 472.70 OK
r-release-linux-x86_64 2.3.3 383.39 65.39 448.78 OK
r-release-osx-x86_64 2.3.3 NOTE
r-release-windows-ix86+x86_64 2.3.3 986.00 169.00 1155.00 NOTE
r-oldrel-osx-x86_64 2.3.3 NOTE
r-oldrel-windows-ix86+x86_64 2.3.3 884.00 171.00 1055.00 NOTE

Check Details

Version: 2.3.3
Check: installed package size
Result: NOTE
     installed size is 63.7Mb
     sub-directories of 1Mb or more:
     cereal 1.4Mb
     libs 62.1Mb
Flavors: r-devel-linux-x86_64-fedora-clang, r-devel-windows-ix86+x86_64, r-release-osx-x86_64, r-release-windows-ix86+x86_64, r-oldrel-osx-x86_64, r-oldrel-windows-ix86+x86_64