CRAN Package Check Results for Package ARTP2

Last updated on 2019-11-18 20:47:12 CET.

Flavor Version Tinstall Tcheck Ttotal Status Flags
r-devel-linux-x86_64-debian-clang 0.9.45 25.20 64.19 89.39 OK
r-devel-linux-x86_64-debian-gcc 0.9.45 18.64 51.27 69.91 OK
r-devel-linux-x86_64-fedora-clang 0.9.45 111.19 NOTE
r-devel-linux-x86_64-fedora-gcc 0.9.45 117.19 OK
r-devel-windows-ix86+x86_64 0.9.45 68.00 118.00 186.00 NOTE
r-patched-linux-x86_64 0.9.45 18.41 61.97 80.38 OK
r-patched-solaris-x86 0.9.45 149.30 NOTE
r-release-linux-x86_64 0.9.45 20.67 61.57 82.24 OK
r-release-windows-ix86+x86_64 0.9.45 46.00 125.00 171.00 NOTE
r-release-osx-x86_64 0.9.45 NOTE
r-oldrel-windows-ix86+x86_64 0.9.45 59.00 120.00 179.00 NOTE
r-oldrel-osx-x86_64 0.9.45 NOTE

Check Details

Version: 0.9.45
Check: installed package size
Result: NOTE
     installed size is 6.4Mb
     sub-directories of 1Mb or more:
     extdata 3.7Mb
     libs 1.5Mb
Flavors: r-devel-linux-x86_64-fedora-clang, r-devel-windows-ix86+x86_64, r-patched-solaris-x86, r-release-windows-ix86+x86_64, r-release-osx-x86_64, r-oldrel-windows-ix86+x86_64, r-oldrel-osx-x86_64