CRAN Package Check Results for Package ARTP2

Last updated on 2020-05-30 04:49:32 CEST.

Flavor Version Tinstall Tcheck Ttotal Status Flags
r-devel-linux-x86_64-debian-clang 0.9.45 27.07 67.47 94.54 NOTE
r-devel-linux-x86_64-debian-gcc 0.9.45 20.41 51.86 72.27 NOTE
r-devel-linux-x86_64-fedora-clang 0.9.45 118.62 NOTE
r-devel-linux-x86_64-fedora-gcc 0.9.45 109.83 NOTE
r-devel-windows-ix86+x86_64 0.9.45 55.00 123.00 178.00 NOTE
r-patched-linux-x86_64 0.9.45 21.79 66.03 87.82 NOTE
r-patched-solaris-x86 0.9.45 158.70 NOTE
r-release-linux-x86_64 0.9.45 23.30 66.73 90.03 NOTE
r-release-osx-x86_64 0.9.45 NOTE
r-release-windows-ix86+x86_64 0.9.45 47.00 176.00 223.00 NOTE
r-oldrel-osx-x86_64 0.9.45 NOTE
r-oldrel-windows-ix86+x86_64 0.9.45 59.00 98.00 157.00 NOTE

Check Details

Version: 0.9.45
Check: package dependencies
Result: NOTE
    Package which this enhances but not available for checking: 'ARTP'
Flavors: r-devel-linux-x86_64-debian-clang, r-devel-linux-x86_64-debian-gcc, r-devel-linux-x86_64-fedora-clang, r-devel-linux-x86_64-fedora-gcc, r-patched-linux-x86_64, r-patched-solaris-x86, r-release-linux-x86_64, r-release-osx-x86_64

Version: 0.9.45
Check: installed package size
Result: NOTE
     installed size is 6.6Mb
     sub-directories of 1Mb or more:
     extdata 3.7Mb
     libs 1.6Mb
Flavors: r-devel-linux-x86_64-fedora-clang, r-devel-windows-ix86+x86_64, r-patched-solaris-x86, r-release-osx-x86_64, r-release-windows-ix86+x86_64, r-oldrel-osx-x86_64, r-oldrel-windows-ix86+x86_64