CRAN Package Check Results for Package ARpLMEC

Last updated on 2020-06-06 04:48:39 CEST.

Flavor Version Tinstall Tcheck Ttotal Status Flags
r-devel-linux-x86_64-debian-clang 1.0 12.28 70.87 83.15 OK
r-devel-linux-x86_64-debian-gcc 1.0 9.28 55.35 64.63 OK
r-devel-linux-x86_64-fedora-clang 1.0 111.57 NOTE
r-devel-linux-x86_64-fedora-gcc 1.0 104.07 NOTE
r-devel-windows-ix86+x86_64 1.0 31.00 109.00 140.00 OK
r-patched-linux-x86_64 1.0 12.09 71.61 83.70 OK
r-patched-solaris-x86 1.0 159.60 NOTE
r-release-linux-x86_64 1.0 12.10 71.76 83.86 OK
r-release-osx-x86_64 1.0 NOTE
r-release-windows-ix86+x86_64 1.0 40.00 97.00 137.00 OK
r-oldrel-osx-x86_64 1.0 NOTE
r-oldrel-windows-ix86+x86_64 1.0 21.00 67.00 88.00 OK

Check Details

Version: 1.0
Check: dependencies in R code
Result: NOTE
    Namespaces in Imports field not imported from:
     ‘Matrix’ ‘gmm’ ‘graphics’ ‘sandwich’ ‘stats4’ ‘utils’
     All declared Imports should be used.
Flavors: r-devel-linux-x86_64-fedora-clang, r-devel-linux-x86_64-fedora-gcc, r-patched-solaris-x86, r-release-osx-x86_64, r-oldrel-osx-x86_64