CRAN Package Check Results for Package ActFrag

Last updated on 2019-11-21 19:48:32 CET.

Flavor Version Tinstall Tcheck Ttotal Status Flags
r-devel-linux-x86_64-debian-clang 0.1.0 10.71 87.19 97.90 OK
r-devel-linux-x86_64-debian-gcc 0.1.0 8.75 69.68 78.43 OK
r-devel-linux-x86_64-fedora-clang 0.1.0 112.82 NOTE
r-devel-linux-x86_64-fedora-gcc 0.1.0 120.69 NOTE
r-devel-windows-ix86+x86_64 0.1.0 40.00 147.00 187.00 OK
r-devel-windows-ix86+x86_64-gcc8 0.1.0 22.00 93.00 115.00 OK
r-patched-linux-x86_64 0.1.0 8.84 80.93 89.77 OK
r-patched-solaris-x86 0.1.0 169.20 NOTE
r-release-linux-x86_64 0.1.0 9.04 83.71 92.75 OK
r-release-windows-ix86+x86_64 0.1.0 34.00 136.00 170.00 OK
r-release-osx-x86_64 0.1.0 NOTE
r-oldrel-windows-ix86+x86_64 0.1.0 12.00 139.00 151.00 OK
r-oldrel-osx-x86_64 0.1.0 NOTE

Check Details

Version: 0.1.0
Check: dependencies in R code
Result: NOTE
    Namespace in Imports field not imported from: ‘tidyr’
     All declared Imports should be used.
Flavors: r-devel-linux-x86_64-fedora-clang, r-devel-linux-x86_64-fedora-gcc, r-patched-solaris-x86, r-release-osx-x86_64, r-oldrel-osx-x86_64