CRAN Package Check Results for Package ActFrag

Last updated on 2020-12-01 23:48:21 CET.

Flavor Version Tinstall Tcheck Ttotal Status Flags
r-devel-linux-x86_64-debian-clang 0.1.1 14.73 99.18 113.91 OK
r-devel-linux-x86_64-debian-gcc 0.1.1 9.87 78.47 88.34 OK
r-devel-linux-x86_64-fedora-clang 0.1.1 144.44 NOTE
r-devel-linux-x86_64-fedora-gcc 0.1.1 132.98 NOTE
r-devel-windows-ix86+x86_64 0.1.1 25.00 129.00 154.00 OK
r-patched-linux-x86_64 0.1.1 8.48 96.27 104.75 OK
r-patched-solaris-x86 0.1.1 191.10 NOTE
r-release-linux-x86_64 0.1.1 8.10 97.30 105.40 OK
r-release-macos-x86_64 0.1.1 NOTE
r-release-windows-ix86+x86_64 0.1.1 17.00 90.00 107.00 OK
r-oldrel-macos-x86_64 0.1.1 NOTE
r-oldrel-windows-ix86+x86_64 0.1.1 23.00 117.00 140.00 OK

Check Details

Version: 0.1.1
Check: dependencies in R code
Result: NOTE
    Namespace in Imports field not imported from: ‘tidyr’
     All declared Imports should be used.
Flavors: r-devel-linux-x86_64-fedora-clang, r-devel-linux-x86_64-fedora-gcc, r-patched-solaris-x86, r-release-macos-x86_64, r-oldrel-macos-x86_64