CRAN Package Check Results for Package AcuityView

Last updated on 2019-11-18 20:47:11 CET.

Flavor Version Tinstall Tcheck Ttotal Status Flags
r-devel-linux-x86_64-debian-clang 0.1 3.19 31.55 34.74 NOTE
r-devel-linux-x86_64-debian-gcc 0.1 2.95 25.76 28.71 NOTE
r-devel-linux-x86_64-fedora-clang 0.1 42.51 NOTE
r-devel-linux-x86_64-fedora-gcc 0.1 46.69 NOTE
r-devel-windows-ix86+x86_64 0.1 13.00 49.00 62.00 OK
r-patched-linux-x86_64 0.1 2.66 29.87 32.53 OK
r-patched-solaris-x86 0.1 68.30 OK
r-release-linux-x86_64 0.1 3.22 29.86 33.08 OK
r-release-windows-ix86+x86_64 0.1 8.00 62.00 70.00 OK
r-release-osx-x86_64 0.1 OK
r-oldrel-windows-ix86+x86_64 0.1 4.00 76.00 80.00 OK
r-oldrel-osx-x86_64 0.1 OK

Check Details

Version: 0.1
Check: for non-standard things in the check directory
Result: NOTE
    Found the following files/directories:
     'Example.jpeg'
Flavors: r-devel-linux-x86_64-debian-clang, r-devel-linux-x86_64-debian-gcc, r-devel-linux-x86_64-fedora-clang, r-devel-linux-x86_64-fedora-gcc