CRAN Package Check Results for Package AcuityView

Last updated on 2020-06-06 04:48:39 CEST.

Flavor Version Tinstall Tcheck Ttotal Status Flags
r-devel-linux-x86_64-debian-clang 0.1 3.83 33.14 36.97 NOTE
r-devel-linux-x86_64-debian-gcc 0.1 2.79 26.09 28.88 NOTE
r-devel-linux-x86_64-fedora-clang 0.1 52.84 NOTE
r-devel-linux-x86_64-fedora-gcc 0.1 43.97 NOTE
r-devel-windows-ix86+x86_64 0.1 12.00 71.00 83.00 OK
r-patched-linux-x86_64 0.1 3.79 33.24 37.03 NOTE
r-patched-solaris-x86 0.1 72.00 NOTE
r-release-linux-x86_64 0.1 3.46 32.90 36.36 NOTE
r-release-osx-x86_64 0.1 OK
r-release-windows-ix86+x86_64 0.1 17.00 68.00 85.00 OK
r-oldrel-osx-x86_64 0.1 OK
r-oldrel-windows-ix86+x86_64 0.1 13.00 51.00 64.00 OK

Check Details

Version: 0.1
Check: for non-standard things in the check directory
Result: NOTE
    Found the following files/directories:
     'Example.jpeg'
Flavors: r-devel-linux-x86_64-debian-clang, r-devel-linux-x86_64-debian-gcc, r-devel-linux-x86_64-fedora-clang, r-devel-linux-x86_64-fedora-gcc, r-patched-linux-x86_64, r-patched-solaris-x86, r-release-linux-x86_64