CRAN Package Check Results for Package AdaptFitOS

Last updated on 2020-09-25 16:50:00 CEST.

Flavor Version Tinstall Tcheck Ttotal Status Flags
r-devel-linux-x86_64-debian-clang 0.67 16.17 89.70 105.87 OK
r-devel-linux-x86_64-debian-gcc 0.67 10.57 68.41 78.98 OK
r-devel-linux-x86_64-fedora-clang 0.67 133.10 NOTE
r-devel-linux-x86_64-fedora-gcc 0.67 147.24 OK
r-devel-windows-ix86+x86_64 0.67 30.00 149.00 179.00 OK
r-patched-linux-x86_64 0.67 14.19 83.59 97.78 OK
r-patched-solaris-x86 0.67 173.20 OK
r-release-linux-x86_64 0.67 13.39 84.61 98.00 OK
r-release-macos-x86_64 0.67 OK
r-release-windows-ix86+x86_64 0.67 34.00 146.00 180.00 OK
r-oldrel-macos-x86_64 0.67 OK
r-oldrel-windows-ix86+x86_64 0.67 28.00 135.00 163.00 OK

Check Details

Version: 0.67
Check: Rd cross-references
Result: NOTE
    Undeclared packages ‘locfit’, ‘AdaptFit’ in Rd xrefs
Flavor: r-devel-linux-x86_64-fedora-clang