CRAN Package Check Results for Package AlphaPart

Last updated on 2019-11-21 23:48:33 CET.

Flavor Version Tinstall Tcheck Ttotal Status Flags
r-devel-linux-x86_64-debian-clang 0.7.0 24.62 85.93 110.55 OK
r-devel-linux-x86_64-debian-gcc 0.7.0 19.56 69.96 89.52 OK
r-devel-linux-x86_64-fedora-clang 0.7.0 144.31 NOTE
r-devel-linux-x86_64-fedora-gcc 0.7.0 138.01 NOTE
r-devel-windows-ix86+x86_64 0.7.0 93.00 186.00 279.00 OK
r-devel-windows-ix86+x86_64-gcc8 0.7.0 54.00 135.00 189.00 OK
r-patched-linux-x86_64 0.7.0 22.49 80.11 102.60 OK
r-patched-solaris-x86 0.7.0 183.10 NOTE
r-release-linux-x86_64 0.7.0 21.50 82.47 103.97 OK
r-release-windows-ix86+x86_64 0.7.0 73.00 186.00 259.00 OK
r-release-osx-x86_64 0.7.0 NOTE
r-oldrel-windows-ix86+x86_64 0.7.0 39.00 116.00 155.00 OK
r-oldrel-osx-x86_64 0.7.0 NOTE

Check Details

Version: 0.7.0
Check: dependencies in R code
Result: NOTE
    Namespace in Imports field not imported from: ‘quadprog’
     All declared Imports should be used.
Flavors: r-devel-linux-x86_64-fedora-clang, r-devel-linux-x86_64-fedora-gcc, r-patched-solaris-x86, r-release-osx-x86_64, r-oldrel-osx-x86_64