CRAN Package Check Results for Package AlphaSimR

Last updated on 2019-11-21 19:48:32 CET.

Flavor Version Tinstall Tcheck Ttotal Status Flags
r-devel-linux-x86_64-debian-clang 0.11.0 254.56 72.90 327.46 OK
r-devel-linux-x86_64-debian-gcc 0.11.0 197.77 60.17 257.94 OK
r-devel-linux-x86_64-fedora-clang 0.11.0 453.03 NOTE
r-devel-linux-x86_64-fedora-gcc 0.11.0 526.60 OK
r-devel-windows-ix86+x86_64 0.11.0 569.00 156.00 725.00 OK
r-devel-windows-ix86+x86_64-gcc8 0.11.0 627.00 125.00 752.00 NOTE
r-patched-linux-x86_64 0.11.0 210.33 71.28 281.61 OK
r-patched-solaris-x86 0.11.0 395.80 OK
r-release-linux-x86_64 0.11.0 203.36 72.55 275.91 OK
r-release-windows-ix86+x86_64 0.11.0 664.00 159.00 823.00 OK
r-release-osx-x86_64 0.11.0 NOTE
r-oldrel-windows-ix86+x86_64 0.11.0 403.00 102.00 505.00 OK
r-oldrel-osx-x86_64 0.11.0 NOTE

Check Details

Version: 0.11.0
Check: installed package size
Result: NOTE
     installed size is 18.4Mb
     sub-directories of 1Mb or more:
     libs 17.4Mb
Flavors: r-devel-linux-x86_64-fedora-clang, r-devel-windows-ix86+x86_64-gcc8, r-release-osx-x86_64, r-oldrel-osx-x86_64