CRAN Package Check Results for Package AmostraBrasil

Last updated on 2020-05-31 00:46:59 CEST.

Flavor Version Tinstall Tcheck Ttotal Status Flags
r-devel-linux-x86_64-debian-clang 1.2 4.46 39.25 43.71 NOTE
r-devel-linux-x86_64-debian-gcc 1.2 3.51 31.10 34.61 NOTE
r-devel-linux-x86_64-fedora-clang 1.2 56.79 NOTE
r-devel-linux-x86_64-fedora-gcc 1.2 55.13 NOTE
r-devel-windows-ix86+x86_64 1.2 18.00 208.00 226.00 OK
r-patched-linux-x86_64 1.2 4.46 38.84 43.30 NOTE
r-patched-solaris-x86 1.2 98.30 NOTE
r-release-linux-x86_64 1.2 3.69 38.77 42.46 NOTE
r-release-osx-x86_64 1.2 NOTE
r-release-windows-ix86+x86_64 1.2 9.00 77.00 86.00 OK
r-oldrel-osx-x86_64 1.2 NOTE
r-oldrel-windows-ix86+x86_64 1.2 12.00 58.00 70.00 OK

Check Details

Version: 1.2
Check: for non-standard things in the check directory
Result: NOTE
    Found the following files/directories:
     'Pindoba_domicilios.dbf' 'Pindoba_geo.dbf'
Flavors: r-devel-linux-x86_64-debian-clang, r-devel-linux-x86_64-debian-gcc, r-devel-linux-x86_64-fedora-clang, r-devel-linux-x86_64-fedora-gcc, r-patched-linux-x86_64, r-patched-solaris-x86, r-release-linux-x86_64

Version: 1.2
Check: data for non-ASCII characters
Result: NOTE
     Note: found 2380 marked UTF-8 strings
Flavors: r-devel-linux-x86_64-fedora-clang, r-devel-linux-x86_64-fedora-gcc, r-patched-solaris-x86, r-release-osx-x86_64, r-oldrel-osx-x86_64