CRAN Package Check Results for Package AmostraBrasil

Last updated on 2019-11-18 20:47:12 CET.

Flavor Version Tinstall Tcheck Ttotal Status Flags
r-devel-linux-x86_64-debian-clang 1.2 4.80 37.87 42.67 NOTE
r-devel-linux-x86_64-debian-gcc 1.2 3.68 30.71 34.39 NOTE
r-devel-linux-x86_64-fedora-clang 1.2 50.87 NOTE
r-devel-linux-x86_64-fedora-gcc 1.2 61.71 NOTE
r-devel-windows-ix86+x86_64 1.2 12.00 56.00 68.00 OK
r-patched-linux-x86_64 1.2 3.55 35.49 39.04 OK
r-patched-solaris-x86 1.2 101.40 NOTE
r-release-linux-x86_64 1.2 3.73 35.09 38.82 OK
r-release-windows-ix86+x86_64 1.2 9.00 48.00 57.00 OK
r-release-osx-x86_64 1.2 NOTE
r-oldrel-windows-ix86+x86_64 1.2 6.00 82.00 88.00 OK
r-oldrel-osx-x86_64 1.2 NOTE

Check Details

Version: 1.2
Check: for non-standard things in the check directory
Result: NOTE
    Found the following files/directories:
     'Pindoba_domicilios.dbf' 'Pindoba_geo.dbf'
Flavors: r-devel-linux-x86_64-debian-clang, r-devel-linux-x86_64-debian-gcc, r-devel-linux-x86_64-fedora-clang, r-devel-linux-x86_64-fedora-gcc

Version: 1.2
Check: data for non-ASCII characters
Result: NOTE
     Note: found 2380 marked UTF-8 strings
Flavors: r-devel-linux-x86_64-fedora-clang, r-devel-linux-x86_64-fedora-gcc, r-patched-solaris-x86, r-release-osx-x86_64, r-oldrel-osx-x86_64