CRAN Package Check Results for Package ArchaeoPhases

Last updated on 2019-11-21 23:48:33 CET.

Flavor Version Tinstall Tcheck Ttotal Status Flags
r-devel-linux-x86_64-debian-clang 1.4 8.13 153.33 161.46 NOTE
r-devel-linux-x86_64-debian-gcc 1.4 7.72 116.57 124.29 NOTE
r-devel-linux-x86_64-fedora-clang 1.4 194.66 NOTE
r-devel-linux-x86_64-fedora-gcc 1.4 191.44 NOTE
r-devel-windows-ix86+x86_64 1.4 37.00 214.00 251.00 OK
r-devel-windows-ix86+x86_64-gcc8 1.4 24.00 169.00 193.00 OK
r-patched-linux-x86_64 1.4 6.81 138.61 145.42 OK
r-patched-solaris-x86 1.4 278.30 NOTE
r-release-linux-x86_64 1.4 7.32 143.78 151.10 OK
r-release-windows-ix86+x86_64 1.4 32.00 233.00 265.00 OK
r-release-osx-x86_64 1.4 NOTE
r-oldrel-windows-ix86+x86_64 1.4 10.00 147.00 157.00 OK
r-oldrel-osx-x86_64 1.4 NOTE

Check Details

Version: 1.4
Check: for non-standard things in the check directory
Result: NOTE
    Found the following files/directories:
     'CharacteristicsOfPhase.svg' 'Characteristics_Event.2.svg'
     'MinMaxPhases.csv' 'MultiPhasePlot.png' 'MultiSuccessionPlot.svg'
     'Succession.png' 'data.csv' 'fishpond_MCMC.csv'
Flavors: r-devel-linux-x86_64-debian-clang, r-devel-linux-x86_64-debian-gcc, r-devel-linux-x86_64-fedora-clang, r-devel-linux-x86_64-fedora-gcc

Version: 1.4
Check: dependencies in R code
Result: NOTE
    Namespace in Imports field not imported from: ‘DT’
     All declared Imports should be used.
Flavors: r-devel-linux-x86_64-fedora-clang, r-devel-linux-x86_64-fedora-gcc, r-patched-solaris-x86, r-release-osx-x86_64, r-oldrel-osx-x86_64