CRAN Package Check Results for Package ArchaeoPhases

Last updated on 2020-12-02 03:52:25 CET.

Flavor Version Tinstall Tcheck Ttotal Status Flags
r-devel-linux-x86_64-debian-clang 1.4.5 12.87 144.32 157.19 OK
r-devel-linux-x86_64-debian-gcc 1.4.5 8.27 111.12 119.39 OK
r-devel-linux-x86_64-fedora-clang 1.5 140.69 NOTE
r-devel-linux-x86_64-fedora-gcc 1.5 134.38 NOTE
r-devel-windows-ix86+x86_64 1.5 25.00 204.00 229.00 OK
r-patched-linux-x86_64 1.4.5 9.92 137.64 147.56 OK
r-patched-solaris-x86 1.5 286.00 NOTE
r-release-linux-x86_64 1.4.5 8.86 138.25 147.11 OK
r-release-macos-x86_64 1.4.5 NOTE
r-release-windows-ix86+x86_64 1.4.5 16.00 145.00 161.00 OK
r-oldrel-macos-x86_64 1.4.5 NOTE
r-oldrel-windows-ix86+x86_64 1.4.5 23.00 176.00 199.00 OK

Check Details

Version: 1.5
Check: dependencies in R code
Result: NOTE
    Namespaces in Imports field not imported from:
     ‘DT’ ‘ggthemes’ ‘shinythemes’ ‘tibble’
     All declared Imports should be used.
Flavors: r-devel-linux-x86_64-fedora-clang, r-devel-linux-x86_64-fedora-gcc, r-patched-solaris-x86

Version: 1.5
Check: installed package size
Result: NOTE
     installed size is 5.0Mb
     sub-directories of 1Mb or more:
     doc 3.4Mb
Flavor: r-patched-solaris-x86

Version: 1.4.5
Check: dependencies in R code
Result: NOTE
    Namespace in Imports field not imported from: ‘DT’
     All declared Imports should be used.
Flavors: r-release-macos-x86_64, r-oldrel-macos-x86_64