CRAN Package Check Results for Package ArfimaMLM

Last updated on 2019-11-21 19:48:32 CET.

Flavor Version Tinstall Tcheck Ttotal Status Flags
r-devel-linux-x86_64-debian-clang 1.3 9.12 86.21 95.33 NOTE
r-devel-linux-x86_64-debian-gcc 1.3 7.93 69.79 77.72 NOTE
r-devel-linux-x86_64-fedora-clang 1.3 111.55 NOTE
r-devel-linux-x86_64-fedora-gcc 1.3 139.09 NOTE
r-devel-windows-ix86+x86_64 1.3 25.00 99.00 124.00 NOTE
r-devel-windows-ix86+x86_64-gcc8 1.3 17.00 91.00 108.00 NOTE
r-patched-linux-x86_64 1.3 8.17 81.32 89.49 NOTE
r-patched-solaris-x86 1.3 165.00 NOTE
r-release-linux-x86_64 1.3 8.51 82.75 91.26 NOTE
r-release-windows-ix86+x86_64 1.3 28.00 131.00 159.00 NOTE
r-release-osx-x86_64 1.3 NOTE
r-oldrel-windows-ix86+x86_64 1.3 10.00 84.00 94.00 NOTE
r-oldrel-osx-x86_64 1.3 NOTE

Check Details

Version: 1.3
Check: R code for possible problems
Result: NOTE
    arfimaOLS: no visible global function definition for 'lm'
    arfimaPrep: no visible global function definition for 'aggregate'
    arfimaPrep: no visible global function definition for 'arima'
    arfimaPrep: no visible global function definition for 'lm'
    arfimaPrep: no visible global function definition for 'residuals'
    Undefined global functions or variables:
     aggregate arima lm residuals
    Consider adding
     importFrom("stats", "aggregate", "arima", "lm", "residuals")
    to your NAMESPACE file.
Flavors: r-devel-linux-x86_64-debian-clang, r-devel-linux-x86_64-debian-gcc, r-devel-linux-x86_64-fedora-clang, r-devel-linux-x86_64-fedora-gcc, r-devel-windows-ix86+x86_64, r-devel-windows-ix86+x86_64-gcc8, r-patched-linux-x86_64, r-patched-solaris-x86, r-release-linux-x86_64, r-release-windows-ix86+x86_64, r-release-osx-x86_64, r-oldrel-windows-ix86+x86_64, r-oldrel-osx-x86_64