CRAN Package Check Results for Package BiasedUrn

Last updated on 2018-01-18 18:49:16 CET.

Flavor Version Tinstall Tcheck Ttotal Status Flags
r-devel-linux-x86_64-debian-clang 1.07 6.02 18.56 24.58 NOTE
r-devel-linux-x86_64-debian-gcc 1.07 4.67 16.34 21.01 NOTE
r-devel-linux-x86_64-fedora-clang 1.07 32.81 NOTE
r-devel-linux-x86_64-fedora-gcc 1.07 32.32 NOTE
r-devel-windows-ix86+x86_64 1.07 18.00 32.00 50.00 OK
r-patched-linux-x86_64 1.07 5.41 19.08 24.49 NOTE
r-patched-solaris-x86 1.07 52.50 OK
r-release-linux-x86_64 1.07 5.44 19.02 24.46 NOTE
r-release-windows-ix86+x86_64 1.07 18.00 33.00 51.00 OK
r-release-osx-x86_64 1.07 OK
r-oldrel-windows-ix86+x86_64 1.07 13.00 30.00 43.00 OK
r-oldrel-osx-x86_64 1.07 OK

Check Details

Version: 1.07
Check: compiled code
Result: NOTE
    File ‘BiasedUrn/libs/BiasedUrn.so’:
     Found no calls to: ‘R_registerRoutines’, ‘R_useDynamicSymbols’
    
    It is good practice to register native routines and to disable symbol
    search.
    
    See ‘Writing portable packages’ in the ‘Writing R Extensions’ manual.
Flavors: r-devel-linux-x86_64-debian-clang, r-devel-linux-x86_64-debian-gcc, r-devel-linux-x86_64-fedora-clang, r-devel-linux-x86_64-fedora-gcc, r-patched-linux-x86_64, r-release-linux-x86_64