CRAN Package Check Results for Package BiasedUrn

Last updated on 2018-12-12 10:50:56 CET.

Flavor Version Tinstall Tcheck Ttotal Status Flags
r-devel-linux-x86_64-debian-clang 1.07 7.12 21.57 28.69 OK
r-devel-linux-x86_64-debian-gcc 1.07 5.27 17.55 22.82 OK
r-devel-linux-x86_64-fedora-clang 1.07 35.09 NOTE
r-devel-linux-x86_64-fedora-gcc 1.07 33.83 NOTE
r-devel-windows-ix86+x86_64 1.07 24.00 47.00 71.00 OK
r-patched-linux-x86_64 1.07 6.76 20.41 27.17 OK
r-patched-solaris-x86 1.07 53.60 OK
r-release-linux-x86_64 1.07 6.63 20.38 27.01 OK
r-release-windows-ix86+x86_64 1.07 24.00 46.00 70.00 OK
r-release-osx-x86_64 1.07 OK
r-oldrel-windows-ix86+x86_64 1.07 17.00 36.00 53.00 OK
r-oldrel-osx-x86_64 1.07 OK

Check Details

Version: 1.07
Check: compiled code
Result: NOTE
    File ‘BiasedUrn/libs/BiasedUrn.so’:
     Found no calls to: ‘R_registerRoutines’, ‘R_useDynamicSymbols’
    
    It is good practice to register native routines and to disable symbol
    search.
    
    See ‘Writing portable packages’ in the ‘Writing R Extensions’ manual.
Flavors: r-devel-linux-x86_64-fedora-clang, r-devel-linux-x86_64-fedora-gcc