CRAN Package Check Results for Package BiasedUrn

Last updated on 2018-09-25 20:47:39 CEST.

Flavor Version Tinstall Tcheck Ttotal Status Flags
r-devel-linux-x86_64-debian-clang 1.07 7.33 21.85 29.18 OK
r-devel-linux-x86_64-debian-gcc 1.07 5.69 17.55 23.24 OK
r-devel-linux-x86_64-fedora-clang 1.07 35.95 NOTE
r-devel-linux-x86_64-fedora-gcc 1.07 33.73 NOTE
r-devel-windows-ix86+x86_64 1.07 25.00 48.00 73.00 OK
r-patched-linux-x86_64 1.07 6.85 20.14 26.99 OK
r-patched-solaris-x86 1.07 51.80 OK
r-release-linux-x86_64 1.07 6.89 20.52 27.41 OK
r-release-windows-ix86+x86_64 1.07 24.00 46.00 70.00 OK
r-release-osx-x86_64 1.07 OK
r-oldrel-windows-ix86+x86_64 1.07 18.00 33.00 51.00 OK
r-oldrel-osx-x86_64 1.07 OK

Check Details

Version: 1.07
Check: compiled code
Result: NOTE
    File ‘BiasedUrn/libs/BiasedUrn.so’:
     Found no calls to: ‘R_registerRoutines’, ‘R_useDynamicSymbols’
    
    It is good practice to register native routines and to disable symbol
    search.
    
    See ‘Writing portable packages’ in the ‘Writing R Extensions’ manual.
Flavors: r-devel-linux-x86_64-fedora-clang, r-devel-linux-x86_64-fedora-gcc