CRAN Package Check Results for Package CTRE

Last updated on 2019-10-18 20:46:14 CEST.

Flavor Version Tinstall Tcheck Ttotal Status Flags
r-devel-linux-x86_64-debian-clang 0.1.0 2.42 28.37 30.79 OK
r-devel-linux-x86_64-debian-gcc 0.1.0 1.93 22.29 24.22 OK
r-devel-linux-x86_64-fedora-clang 0.1.0 36.46 NOTE
r-devel-linux-x86_64-fedora-gcc 0.1.0 36.05 NOTE
r-devel-windows-ix86+x86_64 0.1.0 12.00 58.00 70.00 OK
r-patched-linux-x86_64 0.1.0 2.03 27.67 29.70 OK
r-patched-solaris-x86 0.1.0 52.90 NOTE
r-release-linux-x86_64 0.1.0 1.62 28.56 30.18 OK
r-release-windows-ix86+x86_64 0.1.0 5.00 45.00 50.00 OK
r-release-osx-x86_64 0.1.0 NOTE
r-oldrel-windows-ix86+x86_64 0.1.0 3.00 39.00 42.00 OK
r-oldrel-osx-x86_64 0.1.0 NOTE

Check Details

Version: 0.1.0
Check: dependencies in R code
Result: NOTE
    Namespace in Imports field not imported from: ‘tea’
     All declared Imports should be used.
Flavors: r-devel-linux-x86_64-fedora-clang, r-devel-linux-x86_64-fedora-gcc, r-patched-solaris-x86, r-release-osx-x86_64, r-oldrel-osx-x86_64