CRAN Package Check Results for Package CTRE

Last updated on 2019-05-21 04:48:47 CEST.

Flavor Version Tinstall Tcheck Ttotal Status Flags
r-devel-linux-x86_64-debian-clang 0.1.0 2.02 28.63 30.65 OK
r-devel-linux-x86_64-debian-gcc 0.1.0 1.71 22.97 24.68 OK
r-devel-linux-x86_64-fedora-clang 0.1.0 38.26 NOTE
r-devel-linux-x86_64-fedora-gcc 0.1.0 36.71 NOTE
r-devel-windows-ix86+x86_64 0.1.0 8.00 52.00 60.00 OK
r-patched-linux-x86_64 0.1.0 2.15 28.64 30.79 OK
r-patched-solaris-x86 0.1.0 52.20 NOTE
r-release-linux-x86_64 0.1.0 2.15 29.18 31.33 OK
r-release-windows-ix86+x86_64 0.1.0 7.00 52.00 59.00 OK
r-release-osx-x86_64 0.1.0 NOTE
r-oldrel-windows-ix86+x86_64 0.1.0 3.00 41.00 44.00 OK
r-oldrel-osx-x86_64 0.1.0 NOTE

Check Details

Version: 0.1.0
Check: dependencies in R code
Result: NOTE
    Namespace in Imports field not imported from: ‘tea’
     All declared Imports should be used.
Flavors: r-devel-linux-x86_64-fedora-clang, r-devel-linux-x86_64-fedora-gcc, r-patched-solaris-x86, r-release-osx-x86_64, r-oldrel-osx-x86_64