CRAN Package Check Results for Package DEEPR

Last updated on 2019-04-22 01:47:35 CEST.

Flavor Version Tinstall Tcheck Ttotal Status Flags
r-devel-linux-x86_64-debian-clang 0.1 1.45 17.41 18.86 NOTE
r-devel-linux-x86_64-debian-gcc 0.1 1.22 14.00 15.22 NOTE
r-devel-linux-x86_64-fedora-clang 0.1 23.26 NOTE
r-devel-linux-x86_64-fedora-gcc 0.1 23.66 NOTE
r-devel-windows-ix86+x86_64 0.1 5.00 39.00 44.00 NOTE
r-patched-linux-x86_64 0.1 1.39 17.35 18.74 NOTE
r-patched-solaris-x86 0.1 36.30 NOTE
r-release-linux-x86_64 0.1 0.74 16.51 17.25 NOTE
r-release-windows-ix86+x86_64 0.1 2.00 30.00 32.00 NOTE
r-release-osx-x86_64 0.1 NOTE
r-oldrel-windows-ix86+x86_64 0.1 3.00 34.00 37.00 NOTE
r-oldrel-osx-x86_64 0.1 NOTE

Check Details

Version: 0.1
Check: DESCRIPTION meta-information
Result: NOTE
    Malformed Description field: should contain one or more complete sentences.
Flavors: r-devel-linux-x86_64-debian-clang, r-devel-linux-x86_64-debian-gcc, r-devel-linux-x86_64-fedora-clang, r-devel-linux-x86_64-fedora-gcc, r-devel-windows-ix86+x86_64, r-patched-linux-x86_64, r-patched-solaris-x86, r-release-linux-x86_64, r-release-windows-ix86+x86_64, r-release-osx-x86_64, r-oldrel-windows-ix86+x86_64, r-oldrel-osx-x86_64

Version: 0.1
Check: R code for possible problems
Result: NOTE
    DEEPR : perm_function: no visible global function definition for 'head'
    DEEPR : perm_function: no visible global function definition for 'tail'
    simCophy: no visible global function definition for 'rpois'
    simCophy: no visible global function definition for 'rmultinom'
    Undefined global functions or variables:
     head rmultinom rpois tail
    Consider adding
     importFrom("stats", "rmultinom", "rpois")
     importFrom("utils", "head", "tail")
    to your NAMESPACE file.
Flavors: r-devel-linux-x86_64-debian-clang, r-devel-linux-x86_64-debian-gcc, r-devel-linux-x86_64-fedora-clang, r-devel-linux-x86_64-fedora-gcc, r-devel-windows-ix86+x86_64, r-patched-linux-x86_64, r-patched-solaris-x86, r-release-linux-x86_64, r-release-windows-ix86+x86_64, r-release-osx-x86_64, r-oldrel-windows-ix86+x86_64, r-oldrel-osx-x86_64