CRAN Package Check Results for Package Eagle

Last updated on 2020-02-27 08:47:45 CET.

Flavor Version Tinstall Tcheck Ttotal Status Flags
r-devel-linux-x86_64-debian-clang 2.1.1 265.93 61.12 327.05 OK
r-devel-linux-x86_64-debian-gcc 2.1.1 172.18 49.28 221.46 OK
r-devel-linux-x86_64-fedora-clang 2.1.1 468.10 NOTE
r-devel-linux-x86_64-fedora-gcc 2.1.1 422.34 OK
r-devel-windows-ix86+x86_64 2.1.1 483.00 101.00 584.00 OK
r-devel-windows-ix86+x86_64-gcc8 2.1.1 530.00 118.00 648.00 OK
r-patched-linux-x86_64 2.1.1 206.06 55.72 261.78 OK
r-patched-solaris-x86 2.1.1 372.80 OK
r-release-linux-x86_64 2.1.1 203.48 56.38 259.86 OK
r-release-windows-ix86+x86_64 2.1.1 498.00 94.00 592.00 OK
r-release-osx-x86_64 2.1.1 NOTE
r-oldrel-windows-ix86+x86_64 2.1.1 460.00 97.00 557.00 OK
r-oldrel-osx-x86_64 2.1.1 NOTE

Check Details

Version: 2.1.1
Check: installed package size
Result: NOTE
     installed size is 10.7Mb
     sub-directories of 1Mb or more:
     libs 9.4Mb
Flavors: r-devel-linux-x86_64-fedora-clang, r-release-osx-x86_64, r-oldrel-osx-x86_64