CRAN Package Check Results for Package Eagle

Last updated on 2019-09-23 08:53:03 CEST.

Flavor Version Tinstall Tcheck Ttotal Status Flags
r-devel-linux-x86_64-debian-clang 1.5.2 166.73 52.33 219.06 OK
r-devel-linux-x86_64-debian-gcc 1.5.2 139.71 42.08 181.79 OK
r-devel-linux-x86_64-fedora-clang 1.5.2 356.77 NOTE
r-devel-linux-x86_64-fedora-gcc 1.5.2 347.94 OK
r-devel-windows-ix86+x86_64 1.5.2 533.00 142.00 675.00 OK
r-patched-linux-x86_64 1.5.2 152.01 52.31 204.32 OK
r-patched-solaris-x86 1.5.2 296.70 OK
r-release-linux-x86_64 1.5.2 150.44 52.05 202.49 OK
r-release-windows-ix86+x86_64 1.5.2 571.00 143.00 714.00 OK
r-release-osx-x86_64 1.5.2 NOTE
r-oldrel-windows-ix86+x86_64 1.5.2 346.00 92.00 438.00 OK
r-oldrel-osx-x86_64 1.5.2 NOTE

Check Details

Version: 1.5.2
Check: installed package size
Result: NOTE
     installed size is 9.1Mb
     sub-directories of 1Mb or more:
     libs 7.9Mb
Flavors: r-devel-linux-x86_64-fedora-clang, r-release-osx-x86_64, r-oldrel-osx-x86_64