CRAN Package Check Results for Package FIACH

Last updated on 2019-07-19 00:46:57 CEST.

Flavor Version Tinstall Tcheck Ttotal Status Flags
r-devel-linux-x86_64-debian-clang 0.1.2 43.77 42.52 86.29 OK
r-devel-linux-x86_64-debian-gcc 0.1.2 35.32 35.53 70.85 OK
r-devel-linux-x86_64-fedora-clang 0.1.2 117.54 NOTE
r-devel-linux-x86_64-fedora-gcc 0.1.2 116.04 NOTE
r-devel-windows-ix86+x86_64 0.1.2 98.00 114.00 212.00 OK
r-patched-linux-x86_64 0.1.2 37.29 44.99 82.28 OK
r-patched-solaris-x86 0.1.2 142.20 OK
r-release-linux-x86_64 0.1.2 41.36 44.46 85.82 OK
r-release-windows-ix86+x86_64 0.1.2 73.00 121.00 194.00 OK
r-release-osx-x86_64 0.1.2 FAIL
r-oldrel-windows-ix86+x86_64 0.1.2 75.00 68.00 143.00 OK
r-oldrel-osx-x86_64 0.1.2 OK

Check Details

Version: 0.1.2
Check: compiled code
Result: NOTE
    File ‘FIACH/libs/FIACH.so’:
     Found no calls to: ‘R_registerRoutines’, ‘R_useDynamicSymbols’
    
    It is good practice to register native routines and to disable symbol
    search.
    
    See ‘Writing portable packages’ in the ‘Writing R Extensions’ manual.
Flavors: r-devel-linux-x86_64-fedora-clang, r-devel-linux-x86_64-fedora-gcc

Version: 0.1.2
Check: whether package can be installed
Result: FAIL
    
Flavor: r-release-osx-x86_64