CRAN Package Check Results for Package GeNetIt

Last updated on 2019-11-12 20:49:01 CET.

Flavor Version Tinstall Tcheck Ttotal Status Flags
r-devel-linux-x86_64-debian-clang 0.1-2 14.19 100.97 115.16 OK
r-devel-linux-x86_64-debian-gcc 0.1-2 11.58 77.63 89.21 OK
r-devel-linux-x86_64-fedora-clang 0.1-2 137.38 NOTE
r-devel-linux-x86_64-fedora-gcc 0.1-2 139.97 NOTE
r-devel-windows-ix86+x86_64 0.1-2 43.00 109.00 152.00 OK
r-patched-linux-x86_64 0.1-2 14.14 95.32 109.46 OK
r-patched-solaris-x86 0.1-2 201.80 NOTE
r-release-linux-x86_64 0.1-2 13.34 95.91 109.25 OK
r-release-windows-ix86+x86_64 0.1-2 39.00 144.00 183.00 OK
r-release-osx-x86_64 0.1-2 NOTE
r-oldrel-windows-ix86+x86_64 0.1-1 7.00 43.00 50.00 OK
r-oldrel-osx-x86_64 0.1-2 ERROR

Check Details

Version: 0.1-2
Check: dependencies in R code
Result: NOTE
    Namespace in Imports field not imported from: ‘raster’
     All declared Imports should be used.
Flavors: r-devel-linux-x86_64-fedora-clang, r-devel-linux-x86_64-fedora-gcc, r-patched-solaris-x86, r-release-osx-x86_64

Version: 0.1-2
Check: whether package can be installed
Result: ERROR
    Installation failed.
Flavor: r-oldrel-osx-x86_64