CRAN Package Check Results for Package GenBinomApps

Last updated on 2019-10-15 20:48:45 CEST.

Flavor Version Tinstall Tcheck Ttotal Status Flags
r-devel-linux-x86_64-debian-clang 1.0-2 1.79 20.62 22.41 NOTE
r-devel-linux-x86_64-debian-gcc 1.0-2 1.55 15.83 17.38 NOTE
r-devel-linux-x86_64-fedora-clang 1.0-2 27.26 NOTE
r-devel-linux-x86_64-fedora-gcc 1.0-2 26.37 NOTE
r-devel-windows-ix86+x86_64 1.0-2 6.00 47.00 53.00 NOTE
r-patched-linux-x86_64 1.0-2 1.74 19.79 21.53 NOTE
r-patched-solaris-x86 1.0-2 40.60 NOTE
r-release-linux-x86_64 1.0-2 1.57 19.96 21.53 NOTE
r-release-windows-ix86+x86_64 1.0-2 5.00 46.00 51.00 NOTE
r-release-osx-x86_64 1.0-2 NOTE
r-oldrel-windows-ix86+x86_64 1.0-2 3.00 28.00 31.00 NOTE
r-oldrel-osx-x86_64 1.0-2 NOTE

Check Details

Version: 1.0-2
Check: R code for possible problems
Result: NOTE
    clopper.pearson.ci: no visible global function definition for 'qbeta'
    cm.clopper.pearson.ci: no visible global function definition for
     'uniroot'
    cm.clopper.pearson.ci : <anonymous>: no visible global function
     definition for 'pbeta'
    cm.n.clopper.pearson: no visible global function definition for
     'uniroot'
    cm.n.clopper.pearson : <anonymous>: no visible global function
     definition for 'pbeta'
    n.clopper.pearson: no visible global function definition for 'uniroot'
    n.clopper.pearson : <anonymous>: no visible global function definition
     for 'pbeta'
    rgbinom: no visible global function definition for 'runif'
    Undefined global functions or variables:
     pbeta qbeta runif uniroot
    Consider adding
     importFrom("stats", "pbeta", "qbeta", "runif", "uniroot")
    to your NAMESPACE file.
Flavors: r-devel-linux-x86_64-debian-clang, r-devel-linux-x86_64-debian-gcc, r-devel-linux-x86_64-fedora-clang, r-devel-linux-x86_64-fedora-gcc, r-devel-windows-ix86+x86_64, r-patched-linux-x86_64, r-patched-solaris-x86, r-release-linux-x86_64, r-release-windows-ix86+x86_64, r-release-osx-x86_64, r-oldrel-windows-ix86+x86_64, r-oldrel-osx-x86_64