CRAN Package Check Results for Package GreedyExperimentalDesign

Last updated on 2019-10-15 20:48:46 CEST.

Flavor Version Tinstall Tcheck Ttotal Status Flags
r-devel-linux-x86_64-debian-clang 1.2 4.41 35.55 39.96 OK
r-devel-linux-x86_64-debian-gcc 1.2 3.31 27.71 31.02 OK
r-devel-linux-x86_64-fedora-clang 1.2 49.16 OK
r-devel-linux-x86_64-fedora-gcc 1.2 48.91 OK
r-devel-windows-ix86+x86_64 1.2 8.00 8.00 16.00 ERROR
r-patched-linux-x86_64 1.2 4.13 34.84 38.97 OK
r-patched-solaris-x86 1.2 70.90 OK
r-release-linux-x86_64 1.2 4.10 34.64 38.74 OK
r-release-windows-ix86+x86_64 1.2 7.00 75.00 82.00 OK
r-release-osx-x86_64 1.2 OK
r-oldrel-windows-ix86+x86_64 1.2 6.00 47.00 53.00 OK
r-oldrel-osx-x86_64 1.2 OK

Check Details

Version: 1.2
Check: whether package can be installed
Result: ERROR
    Installation failed.
Flavor: r-devel-windows-ix86+x86_64