CRAN Package Check Results for Package IASD

Last updated on 2019-11-12 20:49:02 CET.

Flavor Version Tinstall Tcheck Ttotal Status Flags
r-devel-linux-x86_64-debian-clang 1.1 2.50 22.08 24.58 NOTE
r-devel-linux-x86_64-debian-gcc 1.1 1.91 17.33 19.24 NOTE
r-devel-linux-x86_64-fedora-clang 1.1 29.87 NOTE
r-devel-linux-x86_64-fedora-gcc 1.1 29.14 NOTE
r-devel-windows-ix86+x86_64 1.1 6.00 37.00 43.00 OK
r-patched-linux-x86_64 1.1 1.82 20.56 22.38 OK
r-patched-solaris-x86 1.1 44.10 OK
r-release-linux-x86_64 1.1 2.20 20.90 23.10 OK
r-release-windows-ix86+x86_64 1.1 5.00 58.00 63.00 OK
r-release-osx-x86_64 1.1 OK
r-oldrel-windows-ix86+x86_64 1.1 3.00 33.00 36.00 OK
r-oldrel-osx-x86_64 1.1 OK

Check Details

Version: 1.1
Check: for non-standard things in the check directory
Result: NOTE
    Found the following files/directories:
     'AIC.txt' 'AICc.txt' 'IAS.pdf' 'IAS2.pdf' 'IAS3.pdf'
     'P.microlepis-AIC.txt' 'P.microlepis-AICc.txt' 'P.microlepis-IAS.pdf'
     'P.microlepis-IAS2.pdf' 'P.microlepis-IAS3.pdf'
Flavors: r-devel-linux-x86_64-debian-clang, r-devel-linux-x86_64-debian-gcc, r-devel-linux-x86_64-fedora-clang, r-devel-linux-x86_64-fedora-gcc