CRAN Package Check Results for Package IASD

Last updated on 2019-07-21 01:46:56 CEST.

Flavor Version Tinstall Tcheck Ttotal Status Flags
r-devel-linux-x86_64-debian-clang 1.1 2.25 21.33 23.58 NOTE
r-devel-linux-x86_64-debian-gcc 1.1 1.57 17.97 19.54 NOTE
r-devel-linux-x86_64-fedora-clang 1.1 29.23 NOTE
r-devel-linux-x86_64-fedora-gcc 1.1 27.65 NOTE
r-devel-windows-ix86+x86_64 1.1 7.00 36.00 43.00 OK
r-patched-linux-x86_64 1.1 1.81 21.43 23.24 OK
r-patched-solaris-x86 1.1 46.50 OK
r-release-linux-x86_64 1.1 2.35 21.37 23.72 OK
r-release-windows-ix86+x86_64 1.1 5.00 58.00 63.00 OK
r-release-osx-x86_64 1.1 OK
r-oldrel-windows-ix86+x86_64 1.1 3.00 33.00 36.00 OK
r-oldrel-osx-x86_64 1.1 OK

Check Details

Version: 1.1
Check: for non-standard things in the check directory
Result: NOTE
    Found the following files/directories:
     'AIC.txt' 'AICc.txt' 'IAS.pdf' 'IAS2.pdf' 'IAS3.pdf'
     'P.microlepis-AIC.txt' 'P.microlepis-AICc.txt' 'P.microlepis-IAS.pdf'
     'P.microlepis-IAS2.pdf' 'P.microlepis-IAS3.pdf'
Flavors: r-devel-linux-x86_64-debian-clang, r-devel-linux-x86_64-debian-gcc, r-devel-linux-x86_64-fedora-clang, r-devel-linux-x86_64-fedora-gcc