CRAN Package Check Results for Package IntNMF

Last updated on 2019-07-21 01:46:56 CEST.

Flavor Version Tinstall Tcheck Ttotal Status Flags
r-devel-linux-x86_64-debian-clang 1.2.0 6.61 105.07 111.68 OK
r-devel-linux-x86_64-debian-gcc 1.2.0 5.90 81.19 87.09 OK
r-devel-linux-x86_64-fedora-clang 1.2.0 128.84 OK
r-devel-linux-x86_64-fedora-gcc 1.2.0 127.03 OK
r-devel-windows-ix86+x86_64 1.2.0 18.00 122.00 140.00 OK
r-patched-linux-x86_64 1.2.0 6.43 100.92 107.35 OK
r-patched-solaris-x86 1.2.0 211.10 OK
r-release-linux-x86_64 1.2.0 6.11 100.90 107.01 OK
r-release-windows-ix86+x86_64 1.2.0 19.00 113.00 132.00 OK
r-release-osx-x86_64 1.2.0 NOTE
r-oldrel-windows-ix86+x86_64 1.2.0 15.00 159.00 174.00 OK
r-oldrel-osx-x86_64 1.2.0 OK

Check Details

Version: 1.2.0
Check: R code for possible problems
Result: NOTE
    .nndsvd.internal: no visible global function definition for ‘runif’
    nmf.mnnals: no visible global function definition for ‘runif’
    nmf.opt.k: no visible global function definition for ‘flush.console’
    nmf.opt.k: no visible global function definition for ‘points’
    nmf.opt.k: no visible global function definition for ‘lines’
    nmf.opt.k: no visible global function definition for ‘mtext’
    Undefined global functions or variables:
     flush.console lines mtext points runif
    Consider adding
     importFrom("graphics", "lines", "mtext", "points")
     importFrom("stats", "runif")
     importFrom("utils", "flush.console")
    to your NAMESPACE file.
Flavor: r-release-osx-x86_64