CRAN Package Check Results for Package IntNMF

Last updated on 2019-11-12 20:49:03 CET.

Flavor Version Tinstall Tcheck Ttotal Status Flags
r-devel-linux-x86_64-debian-clang 1.2.0 7.33 104.74 112.07 OK
r-devel-linux-x86_64-debian-gcc 1.2.0 5.68 78.77 84.45 OK
r-devel-linux-x86_64-fedora-clang 1.2.0 129.62 OK
r-devel-linux-x86_64-fedora-gcc 1.2.0 129.56 OK
r-devel-windows-ix86+x86_64 1.2.0 36.00 159.00 195.00 OK
r-patched-linux-x86_64 1.2.0 6.44 97.38 103.82 OK
r-patched-solaris-x86 1.2.0 201.60 OK
r-release-linux-x86_64 1.2.0 6.78 98.46 105.24 OK
r-release-windows-ix86+x86_64 1.2.0 27.00 149.00 176.00 OK
r-release-osx-x86_64 1.2.0 NOTE
r-oldrel-windows-ix86+x86_64 1.2.0 13.00 158.00 171.00 OK
r-oldrel-osx-x86_64 1.2.0 OK

Check Details

Version: 1.2.0
Check: R code for possible problems
Result: NOTE
    .nndsvd.internal: no visible global function definition for ‘runif’
    nmf.mnnals: no visible global function definition for ‘runif’
    nmf.opt.k: no visible global function definition for ‘flush.console’
    nmf.opt.k: no visible global function definition for ‘points’
    nmf.opt.k: no visible global function definition for ‘lines’
    nmf.opt.k: no visible global function definition for ‘mtext’
    Undefined global functions or variables:
     flush.console lines mtext points runif
    Consider adding
     importFrom("graphics", "lines", "mtext", "points")
     importFrom("stats", "runif")
     importFrom("utils", "flush.console")
    to your NAMESPACE file.
Flavor: r-release-osx-x86_64