CRAN Package Check Results for Package Johnson

Last updated on 2019-10-19 00:49:55 CEST.

Flavor Version Tinstall Tcheck Ttotal Status Flags
r-devel-linux-x86_64-debian-clang 1.4 2.02 19.58 21.60 NOTE
r-devel-linux-x86_64-debian-gcc 1.4 1.93 15.57 17.50 NOTE
r-devel-linux-x86_64-fedora-clang 1.4 27.31 NOTE
r-devel-linux-x86_64-fedora-gcc 1.4 26.80 NOTE
r-devel-windows-ix86+x86_64 1.4 8.00 41.00 49.00 NOTE
r-patched-linux-x86_64 1.4 1.96 19.63 21.59 NOTE
r-patched-solaris-x86 1.4 41.60 NOTE
r-release-linux-x86_64 1.4 2.13 19.44 21.57 NOTE
r-release-windows-ix86+x86_64 1.4 5.00 49.00 54.00 NOTE
r-release-osx-x86_64 1.4 NOTE
r-oldrel-windows-ix86+x86_64 1.4 3.00 30.00 33.00 NOTE
r-oldrel-osx-x86_64 1.4 NOTE

Check Details

Version: 1.4
Check: R code for possible problems
Result: NOTE
    RE.ADT: no visible global function definition for 'sd'
    RE.ADT: no visible global function definition for 'pnorm'
    RE.Johnson: no visible global function definition for 'pnorm'
    Undefined global functions or variables:
     pnorm sd
    Consider adding
     importFrom("stats", "pnorm", "sd")
    to your NAMESPACE file.
Flavors: r-devel-linux-x86_64-debian-clang, r-devel-linux-x86_64-debian-gcc, r-devel-linux-x86_64-fedora-clang, r-devel-linux-x86_64-fedora-gcc, r-devel-windows-ix86+x86_64, r-patched-linux-x86_64, r-patched-solaris-x86, r-release-linux-x86_64, r-release-windows-ix86+x86_64, r-release-osx-x86_64, r-oldrel-windows-ix86+x86_64, r-oldrel-osx-x86_64