CRAN Package Check Results for Package LambertW

Last updated on 2019-10-15 20:48:48 CEST.

Flavor Version Tinstall Tcheck Ttotal Status Flags
r-devel-linux-x86_64-debian-clang 0.6.4 68.78 121.97 190.75 WARN
r-devel-linux-x86_64-debian-gcc 0.6.4 43.33 89.18 132.51 OK
r-devel-linux-x86_64-fedora-clang 0.6.4 585.74 WARN
r-devel-linux-x86_64-fedora-gcc 0.6.4 507.69 NOTE
r-devel-windows-ix86+x86_64 0.6.4 98.00 173.00 271.00 OK
r-patched-linux-x86_64 0.6.4 49.92 109.31 159.23 OK
r-patched-solaris-x86 0.6.4 895.30 OK
r-release-linux-x86_64 0.6.4 48.72 112.60 161.32 OK
r-release-windows-ix86+x86_64 0.6.4 154.00 165.00 319.00 OK
r-release-osx-x86_64 0.6.4 WARN
r-oldrel-windows-ix86+x86_64 0.6.4 95.00 217.00 312.00 WARN
r-oldrel-osx-x86_64 0.6.4 WARN

Check Details

Version: 0.6.4
Check: whether package can be installed
Result: WARN
    Found the following significant warnings:
     W_gamma_Cpp.cpp:14:39: warning: explicitly assigning value of variable of type 'int' to itself [-Wself-assign]
Flavors: r-devel-linux-x86_64-debian-clang, r-devel-linux-x86_64-fedora-clang, r-release-osx-x86_64, r-oldrel-osx-x86_64

Version: 0.6.4
Check: compiled code
Result: NOTE
    File ‘LambertW/libs/LambertW.so’:
     Found no calls to: ‘R_registerRoutines’, ‘R_useDynamicSymbols’
    
    It is good practice to register native routines and to disable symbol
    search.
    
    See ‘Writing portable packages’ in the ‘Writing R Extensions’ manual.
Flavors: r-devel-linux-x86_64-fedora-clang, r-devel-linux-x86_64-fedora-gcc

Version: 0.6.4
Check: whether package can be installed
Result: WARN
    Found the following significant warnings:
     Warning: S3 methods '[.fun_list', '[.grouped_df', 'all.equal.tbl_df', 'anti_join.data.frame', 'anti_join.tbl_df', 'arrange.data.frame', 'arrange.default', 'arrange.grouped_df', 'arrange.tbl_df', 'arrange_.data.frame', 'arrange_.tbl_df', 'as.data.frame.grouped_df', 'as.data.frame.rowwise_df', 'as.data.frame.tbl_cube', 'as.table.tbl_cube', 'as.tbl.data.frame', 'as.tbl.tbl', 'as.tbl_cube.array', 'as.tbl_cube.data.frame', 'as.tbl_cube.matrix', 'as.tbl_cube.table', 'as_tibble.grouped_df', 'as_tibble.tbl_cube', 'auto_copy.tbl_cube', 'auto_copy.tbl_df', 'cbind.grouped_df', 'collapse.data.frame', 'collect.data.frame', 'common_by.NULL', 'common_by.character', 'common_by.default', 'common_by.list', 'compute.data.frame', 'copy_to.DBIConnection', 'copy_to.src_local', 'default_missing.data.frame', 'default_missing.default', 'dim.tbl_cube', 'distinct.data.frame', 'distinct.default', 'distinct.grouped_df', 'distinct.tbl_df', 'distinct_.data.frame', 'distinct_.grouped_df', 'distinct_.tbl_df', 'do.NULL', 'do.da [... truncated]
Flavor: r-oldrel-windows-ix86+x86_64