CRAN Package Check Results for Package LambertW

Last updated on 2019-06-18 04:47:16 CEST.

Flavor Version Tinstall Tcheck Ttotal Status Flags
r-devel-linux-x86_64-debian-clang 0.6.4 57.02 118.36 175.38 WARN
r-devel-linux-x86_64-debian-gcc 0.6.4 40.87 91.76 132.63 OK
r-devel-linux-x86_64-fedora-clang 0.6.4 518.03 WARN
r-devel-linux-x86_64-fedora-gcc 0.6.4 506.63 NOTE
r-devel-windows-ix86+x86_64 0.6.4 143.00 176.00 319.00 OK
r-patched-linux-x86_64 0.6.4 48.68 112.46 161.14 OK
r-patched-solaris-x86 0.6.4 932.70 OK
r-release-linux-x86_64 0.6.4 49.36 112.22 161.58 OK
r-release-windows-ix86+x86_64 0.6.4 103.00 233.00 336.00 OK
r-release-osx-x86_64 0.6.4 WARN
r-oldrel-windows-ix86+x86_64 0.6.4 98.00 295.00 393.00 OK
r-oldrel-osx-x86_64 0.6.4 WARN

Check Details

Version: 0.6.4
Check: whether package can be installed
Result: WARN
    Found the following significant warnings:
     W_gamma_Cpp.cpp:14:39: warning: explicitly assigning value of variable of type 'int' to itself [-Wself-assign]
Flavors: r-devel-linux-x86_64-debian-clang, r-devel-linux-x86_64-fedora-clang, r-release-osx-x86_64, r-oldrel-osx-x86_64

Version: 0.6.4
Check: compiled code
Result: NOTE
    File ‘LambertW/libs/LambertW.so’:
     Found no calls to: ‘R_registerRoutines’, ‘R_useDynamicSymbols’
    
    It is good practice to register native routines and to disable symbol
    search.
    
    See ‘Writing portable packages’ in the ‘Writing R Extensions’ manual.
Flavors: r-devel-linux-x86_64-fedora-clang, r-devel-linux-x86_64-fedora-gcc