CRAN Package Check Results for Package MCMCpack

Last updated on 2019-10-18 20:46:21 CEST.

Flavor Version Tinstall Tcheck Ttotal Status Flags
r-devel-linux-x86_64-debian-clang 1.4-4 484.39 103.02 587.41 OK
r-devel-linux-x86_64-debian-gcc 1.4-4 310.66 81.18 391.84 OK
r-devel-linux-x86_64-fedora-clang 1.4-4 859.87 WARN
r-devel-linux-x86_64-fedora-gcc 1.4-4 676.66 OK
r-devel-windows-ix86+x86_64 1.4-4 636.00 210.00 846.00 NOTE
r-patched-linux-x86_64 1.4-4 293.38 101.44 394.82 OK
r-patched-solaris-x86 1.4-4 962.10 NOTE
r-release-linux-x86_64 1.4-4 277.59 103.53 381.12 OK
r-release-windows-ix86+x86_64 1.4-4 450.00 234.00 684.00 NOTE
r-release-osx-x86_64 1.4-4 NOTE
r-oldrel-windows-ix86+x86_64 1.4-4 464.00 141.00 605.00 NOTE
r-oldrel-osx-x86_64 1.4-4 NOTE

Additional issues

LTO

Check Details

Version: 1.4-4
Check: whether package can be installed
Result: WARN
    Found the following significant warnings:
     ./matrix.h:4401:3: warning: 'bind1st<std::__1::multiplies<double>, double>' is deprecated [-Wdeprecated-declarations]
     ./matrix.h:4401:3: warning: 'bind2nd<std::__1::multiplies<double>, double>' is deprecated [-Wdeprecated-declarations]
     ./matrix.h:4330:3: warning: 'bind1st<std::__1::plus<double>, double>' is deprecated [-Wdeprecated-declarations]
     ./matrix.h:4330:3: warning: 'bind2nd<std::__1::plus<double>, double>' is deprecated [-Wdeprecated-declarations]
     ./matrix.h:4436:3: warning: 'bind1st<std::__1::divides<double>, double>' is deprecated [-Wdeprecated-declarations]
     ./matrix.h:4436:3: warning: 'bind2nd<std::__1::divides<double>, double>' is deprecated [-Wdeprecated-declarations]
     ./matrix.h:4365:3: warning: 'bind1st<std::__1::minus<double>, double>' is deprecated [-Wdeprecated-declarations]
     ./matrix.h:4365:3: warning: 'bind2nd<std::__1::minus<double>, double>' is deprecated [-Wdeprecated-declarations]
     ./matrix.h:4365:3: warning: 'bind1st<std::__1::minus<bool>, bool>' is deprecated [-Wdeprecated-declarations]
     ./matrix.h:4365:3: warning: 'bind2nd<std::__1::minus<bool>, bool>' is deprecated [-Wdeprecated-declarations]
     ./smath.h:762:3: warning: 'ptr_fun<double, int, double>' is deprecated [-Wdeprecated-declarations]
     ./smath.h:762:3: warning: 'bind1st<std::__1::pointer_to_binary_function<double, int, double>, double>' is deprecated [-Wdeprecated-declarations]
     ./smath.h:762:3: warning: 'bind2nd<std::__1::pointer_to_binary_function<double, int, double>, int>' is deprecated [-Wdeprecated-declarations]
     ./matrix.h:2180:31: warning: 'bind1st<std::__1::divides<double>, double>' is deprecated [-Wdeprecated-declarations]
     ./matrix.h:2183:13: warning: 'bind2nd<std::__1::divides<double>, double>' is deprecated [-Wdeprecated-declarations]
     ./matrix.h:4690:3: warning: 'bind1st<std::__1::equal_to<double>, double>' is deprecated [-Wdeprecated-declarations]
     ./matrix.h:4690:3: warning: 'bind2nd<std::__1::equal_to<double>, double>' is deprecated [-Wdeprecated-declarations]
     ./matrix.h:4919:3: warning: 'bind1st<std::__1::logical_and<bool>, bool>' is deprecated [-Wdeprecated-declarations]
     ./matrix.h:4919:3: warning: 'bind2nd<std::__1::logical_and<bool>, bool>' is deprecated [-Wdeprecated-declarations]
     ./matrix.h:4842:3: warning: 'bind1st<std::__1::greater<double>, double>' is deprecated [-Wdeprecated-declarations]
     ./matrix.h:4842:3: warning: 'bind2nd<std::__1::greater<double>, double>' is deprecated [-Wdeprecated-declarations]
     ./matrix.h:2180:31: warning: 'bind1st<std::__1::plus<double>, double>' is deprecated [-Wdeprecated-declarations]
     ./matrix.h:2183:13: warning: 'bind2nd<std::__1::plus<double>, double>' is deprecated [-Wdeprecated-declarations]
     ./matrix.h:2180:31: warning: 'bind1st<std::__1::minus<double>, double>' is deprecated [-Wdeprecated-declarations]
     ./matrix.h:2183:13: warning: 'bind2nd<std::__1::minus<double>, double>' is deprecated [-Wdeprecated-declarations]
     ./matrix.h:4842:3: warning: 'bind1st<std::__1::greater<int>, int>' is deprecated [-Wdeprecated-declarations]
     ./matrix.h:4842:3: warning: 'bind2nd<std::__1::greater<int>, int>' is deprecated [-Wdeprecated-declarations]
     ./smath.h:762:3: warning: 'ptr_fun<double, double, double>' is deprecated [-Wdeprecated-declarations]
     ./smath.h:762:3: warning: 'bind1st<std::__1::pointer_to_binary_function<double, double, double>, double>' is deprecated [-Wdeprecated-declarations]
     ./smath.h:762:3: warning: 'bind2nd<std::__1::pointer_to_binary_function<double, double, double>, double>' is deprecated [-Wdeprecated-declarations]
     ./matrix.h:2180:31: warning: 'bind1st<std::__1::multiplies<double>, double>' is deprecated [-Wdeprecated-declarations]
     ./matrix.h:2183:13: warning: 'bind2nd<std::__1::multiplies<double>, double>' is deprecated [-Wdeprecated-declarations]
Flavor: r-devel-linux-x86_64-fedora-clang

Version: 1.4-4
Check: installed package size
Result: NOTE
     installed size is 45.4Mb
     sub-directories of 1Mb or more:
     libs 44.3Mb
Flavors: r-devel-linux-x86_64-fedora-clang, r-devel-windows-ix86+x86_64, r-patched-solaris-x86, r-release-windows-ix86+x86_64, r-release-osx-x86_64, r-oldrel-windows-ix86+x86_64, r-oldrel-osx-x86_64