CRAN Package Check Results for Package MCMCpack

Last updated on 2019-05-21 04:48:56 CEST.

Flavor Version Tinstall Tcheck Ttotal Status Flags
r-devel-linux-x86_64-debian-clang 1.4-4 447.98 104.40 552.38 OK
r-devel-linux-x86_64-debian-gcc 1.4-4 260.96 82.78 343.74 OK
r-devel-linux-x86_64-fedora-clang 1.4-4 874.52 NOTE
r-devel-linux-x86_64-fedora-gcc 1.4-4 546.51 OK
r-devel-windows-ix86+x86_64 1.4-4 633.00 224.00 857.00 NOTE
r-patched-linux-x86_64 1.4-4 288.11 104.90 393.01 OK
r-patched-solaris-x86 1.4-4 976.40 NOTE
r-release-linux-x86_64 1.4-4 285.11 105.53 390.64 OK
r-release-windows-ix86+x86_64 1.4-4 633.00 216.00 849.00 NOTE
r-release-osx-x86_64 1.4-4 NOTE
r-oldrel-windows-ix86+x86_64 1.4-4 442.00 153.00 595.00 NOTE
r-oldrel-osx-x86_64 1.4-4 NOTE

Additional issues

LTO

Check Details

Version: 1.4-4
Check: installed package size
Result: NOTE
     installed size is 38.4Mb
     sub-directories of 1Mb or more:
     libs 37.4Mb
Flavors: r-devel-linux-x86_64-fedora-clang, r-devel-windows-ix86+x86_64, r-patched-solaris-x86, r-release-windows-ix86+x86_64, r-release-osx-x86_64, r-oldrel-windows-ix86+x86_64, r-oldrel-osx-x86_64