CRAN Package Check Results for Package MLML2R

Last updated on 2019-10-15 20:48:50 CEST.

Flavor Version Tinstall Tcheck Ttotal Status Flags
r-devel-linux-x86_64-debian-clang 0.3.2 2.14 28.37 30.51 WARN
r-devel-linux-x86_64-debian-gcc 0.3.2 1.77 22.88 24.65 WARN
r-devel-linux-x86_64-fedora-clang 0.3.2 38.48 WARN
r-devel-linux-x86_64-fedora-gcc 0.3.2 38.48 WARN
r-devel-windows-ix86+x86_64 0.3.2 7.00 62.00 69.00 OK
r-patched-linux-x86_64 0.3.2 2.10 28.22 30.32 WARN
r-patched-solaris-x86 0.3.2 47.90 NOTE
r-release-linux-x86_64 0.3.2 1.66 28.32 29.98 WARN
r-release-windows-ix86+x86_64 0.3.2 7.00 81.00 88.00 OK
r-release-osx-x86_64 0.3.2 WARN
r-oldrel-windows-ix86+x86_64 0.3.2 3.00 55.00 58.00 OK
r-oldrel-osx-x86_64 0.3.2 WARN

Check Details

Version: 0.3.2
Check: package dependencies
Result: NOTE
    Packages suggested but not available for checking:
     'minfi', 'IlluminaHumanMethylation450kmanifest'
Flavors: r-devel-linux-x86_64-debian-clang, r-patched-linux-x86_64, r-patched-solaris-x86, r-release-linux-x86_64

Version: 0.3.2
Check: re-building of vignette outputs
Result: WARN
    Error(s) in re-building vignettes:
     ...
    --- re-building 'vignette.Rmd' using rmarkdown
    ! LaTeX Error: Missing \begin{document}.
    
    Error: processing vignette 'vignette.Rmd' failed with diagnostics:
    Failed to compile vignette.tex. See https://yihui.name/tinytex/r/#debugging for debugging tips. See vignette.log for more info.
    --- failed re-building 'vignette.Rmd'
    
    SUMMARY: processing the following file failed:
     'vignette.Rmd'
    
    Error: Vignette re-building failed.
    Execution halted
Flavors: r-devel-linux-x86_64-debian-clang, r-devel-linux-x86_64-debian-gcc, r-patched-linux-x86_64, r-release-linux-x86_64

Version: 0.3.2
Check: re-building of vignette outputs
Result: WARN
    Error(s) in re-building vignettes:
    --- re-building ‘vignette.Rmd’ using rmarkdown
    ! LaTeX Error: Missing \begin{document}.
    
    Error: processing vignette 'vignette.Rmd' failed with diagnostics:
    Failed to compile vignette.tex. See https://yihui.name/tinytex/r/#debugging for debugging tips. See vignette.log for more info.
    --- failed re-building ‘vignette.Rmd’
    
    SUMMARY: processing the following file failed:
     ‘vignette.Rmd’
    
    Error: Vignette re-building failed.
    Execution halted
Flavors: r-devel-linux-x86_64-fedora-clang, r-devel-linux-x86_64-fedora-gcc

Version: 0.3.2
Check: package dependencies
Result: NOTE
    Packages suggested but not available for checking:
     'minfi', 'GEOquery', 'BiocStyle',
     'IlluminaHumanMethylation450kmanifest'
Flavor: r-release-osx-x86_64

Version: 0.3.2
Check: re-building of vignette outputs
Result: WARN
    Error(s) in re-building vignettes:
     ...
    --- re-building ‘vignette.Rmd’ using rmarkdown
    Warning in engine$weave(file, quiet = quiet, encoding = enc) :
     Pandoc (>= 1.12.3) and/or pandoc-citeproc not available. Falling back to R Markdown v1.
    Quitting from lines 27-28 (vignette.Rmd)
    Error: processing vignette 'vignette.Rmd' failed with diagnostics:
    there is no package called 'BiocStyle'
    --- failed re-building ‘vignette.Rmd’
    
    SUMMARY: processing the following file failed:
     ‘vignette.Rmd’
    
    Error: Vignette re-building failed.
    Execution halted
Flavor: r-release-osx-x86_64

Version: 0.3.2
Check: package dependencies
Result: NOTE
    Packages suggested but not available for checking:
     ‘minfi’ ‘BiocStyle’ ‘IlluminaHumanMethylation450kmanifest’
Flavor: r-oldrel-osx-x86_64

Version: 0.3.2
Check: re-building of vignette outputs
Result: WARN
    Error in re-building vignettes:
     ...
    Warning in engine$weave(file, quiet = quiet, encoding = enc) :
     Pandoc (>= 1.12.3) and/or pandoc-citeproc not available. Falling back to R Markdown v1.
    Quitting from lines 27-28 (vignette.Rmd)
    Error: processing vignette 'vignette.Rmd' failed with diagnostics:
    there is no package called 'BiocStyle'
    Execution halted
Flavor: r-oldrel-osx-x86_64