CRAN Package Check Results for Package MLmetrics

Last updated on 2019-07-19 00:47:02 CEST.

Flavor Version Tinstall Tcheck Ttotal Status Flags
r-devel-linux-x86_64-debian-clang 1.1.1 2.16 20.51 22.67 OK
r-devel-linux-x86_64-debian-gcc 1.1.1 1.55 17.02 18.57 OK
r-devel-linux-x86_64-fedora-clang 1.1.1 28.48 NOTE
r-devel-linux-x86_64-fedora-gcc 1.1.1 26.38 NOTE
r-devel-windows-ix86+x86_64 1.1.1 7.00 35.00 42.00 OK
r-patched-linux-x86_64 1.1.1 2.00 20.65 22.65 OK
r-patched-solaris-x86 1.1.1 42.40 NOTE
r-release-linux-x86_64 1.1.1 2.17 20.41 22.58 OK
r-release-windows-ix86+x86_64 1.1.1 4.00 59.00 63.00 OK
r-release-osx-x86_64 1.1.1 NOTE
r-oldrel-windows-ix86+x86_64 1.1.1 3.00 41.00 44.00 OK
r-oldrel-osx-x86_64 1.1.1 NOTE

Check Details

Version: 1.1.1
Check: dependencies in R code
Result: NOTE
    Namespace in Imports field not imported from: ‘utils’
     All declared Imports should be used.
Flavors: r-devel-linux-x86_64-fedora-clang, r-devel-linux-x86_64-fedora-gcc, r-patched-solaris-x86, r-release-osx-x86_64, r-oldrel-osx-x86_64