CRAN Package Check Results for Package MLmetrics

Last updated on 2019-10-15 20:48:50 CEST.

Flavor Version Tinstall Tcheck Ttotal Status Flags
r-devel-linux-x86_64-debian-clang 1.1.1 2.31 20.33 22.64 OK
r-devel-linux-x86_64-debian-gcc 1.1.1 1.89 16.36 18.25 OK
r-devel-linux-x86_64-fedora-clang 1.1.1 28.67 NOTE
r-devel-linux-x86_64-fedora-gcc 1.1.1 27.08 NOTE
r-devel-windows-ix86+x86_64 1.1.1 6.00 48.00 54.00 OK
r-patched-linux-x86_64 1.1.1 1.98 20.10 22.08 OK
r-patched-solaris-x86 1.1.1 43.40 NOTE
r-release-linux-x86_64 1.1.1 2.00 20.04 22.04 OK
r-release-windows-ix86+x86_64 1.1.1 7.00 36.00 43.00 OK
r-release-osx-x86_64 1.1.1 NOTE
r-oldrel-windows-ix86+x86_64 1.1.1 2.00 30.00 32.00 OK
r-oldrel-osx-x86_64 1.1.1 NOTE

Check Details

Version: 1.1.1
Check: dependencies in R code
Result: NOTE
    Namespace in Imports field not imported from: ‘utils’
     All declared Imports should be used.
Flavors: r-devel-linux-x86_64-fedora-clang, r-devel-linux-x86_64-fedora-gcc, r-patched-solaris-x86, r-release-osx-x86_64, r-oldrel-osx-x86_64