CRAN Package Check Results for Package MetaDE

Last updated on 2018-04-23 16:53:41 CEST.

Flavor Version Tinstall Tcheck Ttotal Status Flags
r-release-osx-x86_64 1.0.5 ERROR

Check Details

Version: 1.0.5
Check: package dependencies
Result: ERROR
    Package required but not available: ‘impute’
    
    See section ‘The DESCRIPTION file’ in the ‘Writing R Extensions’
    manual.
Flavor: r-release-osx-x86_64