CRAN Package Check Results for Package MetaDE

Last updated on 2018-10-20 20:46:27 CEST.

Flavor Version Tinstall Tcheck Ttotal Status Flags
r-oldrel-osx-x86_64 1.0.5 ERROR

Check Details

Version: 1.0.5
Check: package dependencies
Result: ERROR
    Package required but not available: ‘impute’
    
    See section ‘The DESCRIPTION file’ in the ‘Writing R Extensions’
    manual.
Flavor: r-oldrel-osx-x86_64