CRAN Package Check Results for Package MixGHD

Last updated on 2019-10-15 20:48:50 CEST.

Flavor Version Tinstall Tcheck Ttotal Status Flags
r-devel-linux-x86_64-debian-clang 2.3.3 20.32 102.24 122.56 NOTE
r-devel-linux-x86_64-debian-gcc 2.3.3 15.98 75.39 91.37 NOTE
r-devel-linux-x86_64-fedora-clang 2.3.3 159.07 NOTE
r-devel-linux-x86_64-fedora-gcc 2.3.3 148.98 NOTE
r-devel-windows-ix86+x86_64 2.3.3 38.00 227.00 265.00 NOTE
r-patched-linux-x86_64 2.3.3 17.74 99.97 117.71 NOTE
r-patched-solaris-x86 2.3.3 192.40 NOTE
r-release-linux-x86_64 2.3.3 17.54 100.18 117.72 NOTE
r-release-windows-ix86+x86_64 2.3.3 52.00 166.00 218.00 NOTE
r-release-osx-x86_64 2.3.3 NOTE
r-oldrel-windows-ix86+x86_64 2.3.3 38.00 177.00 215.00 NOTE
r-oldrel-osx-x86_64 2.3.3 NOTE

Check Details

Version: 2.3.3
Check: for GNU extensions in Makefiles
Result: NOTE
    GNU make is a SystemRequirements.
Flavors: r-devel-linux-x86_64-debian-clang, r-devel-linux-x86_64-debian-gcc, r-devel-linux-x86_64-fedora-clang, r-devel-linux-x86_64-fedora-gcc, r-devel-windows-ix86+x86_64, r-patched-linux-x86_64, r-patched-solaris-x86, r-release-linux-x86_64, r-release-windows-ix86+x86_64, r-release-osx-x86_64, r-oldrel-windows-ix86+x86_64, r-oldrel-osx-x86_64