CRAN Package Check Results for Package MixGHD

Last updated on 2019-07-19 00:47:01 CEST.

Flavor Version Tinstall Tcheck Ttotal Status Flags
r-devel-linux-x86_64-debian-clang 2.3.2 24.84 103.38 128.22 NOTE
r-devel-linux-x86_64-debian-gcc 2.3.2 13.98 78.18 92.16 NOTE
r-devel-linux-x86_64-fedora-clang 2.3.2 151.34 NOTE
r-devel-linux-x86_64-fedora-gcc 2.3.2 145.64 NOTE
r-devel-windows-ix86+x86_64 2.3.2 55.00 172.00 227.00 NOTE
r-patched-linux-x86_64 2.3.2 18.74 103.54 122.28 NOTE
r-patched-solaris-x86 2.3.2 201.30 NOTE
r-release-linux-x86_64 2.3.2 18.17 104.04 122.21 NOTE
r-release-windows-ix86+x86_64 2.3.2 38.00 232.00 270.00 NOTE
r-release-osx-x86_64 2.3.2 NOTE
r-oldrel-windows-ix86+x86_64 2.3.2 33.00 229.00 262.00 NOTE
r-oldrel-osx-x86_64 2.3.2 NOTE

Check Details

Version: 2.3.2
Check: for GNU extensions in Makefiles
Result: NOTE
    GNU make is a SystemRequirements.
Flavors: r-devel-linux-x86_64-debian-clang, r-devel-linux-x86_64-debian-gcc, r-devel-linux-x86_64-fedora-clang, r-devel-linux-x86_64-fedora-gcc, r-devel-windows-ix86+x86_64, r-patched-linux-x86_64, r-patched-solaris-x86, r-release-linux-x86_64, r-release-windows-ix86+x86_64, r-release-osx-x86_64, r-oldrel-windows-ix86+x86_64, r-oldrel-osx-x86_64