CRAN Package Check Results for Package NetLogoR

Last updated on 2019-09-18 16:48:15 CEST.

Flavor Version Tinstall Tcheck Ttotal Status Flags
r-devel-linux-x86_64-debian-clang 0.3.5 34.35 261.14 295.49 NOTE
r-devel-linux-x86_64-debian-gcc 0.3.5 29.58 201.86 231.44 NOTE
r-devel-linux-x86_64-fedora-clang 0.3.5 383.97 NOTE
r-devel-linux-x86_64-fedora-gcc 0.3.5 380.23 NOTE
r-devel-windows-ix86+x86_64 0.3.5 94.00 421.00 515.00 NOTE
r-patched-linux-x86_64 0.3.5 36.19 253.66 289.85 NOTE
r-patched-solaris-x86 0.3.5 550.40 NOTE
r-release-linux-x86_64 0.3.5 37.36 253.63 290.99 NOTE
r-release-windows-ix86+x86_64 0.3.5 54.00 273.00 327.00 NOTE
r-release-osx-x86_64 0.3.5 NOTE
r-oldrel-windows-ix86+x86_64 0.3.5 45.00 259.00 304.00 NOTE
r-oldrel-osx-x86_64 0.3.5 NOTE

Check Details

Version: 0.3.5
Check: package dependencies
Result: NOTE
    Package suggested but not available for checking: 'fastshp'
Flavors: r-devel-linux-x86_64-debian-clang, r-devel-linux-x86_64-debian-gcc, r-devel-linux-x86_64-fedora-clang, r-devel-linux-x86_64-fedora-gcc, r-devel-windows-ix86+x86_64, r-patched-linux-x86_64, r-patched-solaris-x86, r-release-linux-x86_64, r-release-windows-ix86+x86_64, r-release-osx-x86_64, r-oldrel-windows-ix86+x86_64, r-oldrel-osx-x86_64