CRAN Package Check Results for Package NetLogoR

Last updated on 2020-02-27 08:47:54 CET.

Flavor Version Tinstall Tcheck Ttotal Status Flags
r-devel-linux-x86_64-debian-clang 0.3.6 36.54 278.26 314.80 WARN
r-devel-linux-x86_64-debian-gcc 0.3.6 29.80 216.80 246.60 WARN
r-devel-linux-x86_64-fedora-clang 0.3.6 399.16 WARN
r-devel-linux-x86_64-fedora-gcc 0.3.6 391.66 WARN
r-devel-windows-ix86+x86_64 0.3.6 76.00 317.00 393.00 NOTE
r-devel-windows-ix86+x86_64-gcc8 0.3.6 77.00 301.00 378.00 WARN
r-patched-linux-x86_64 0.3.6 32.04 240.93 272.97 WARN
r-patched-solaris-x86 0.3.6 526.50 WARN
r-release-linux-x86_64 0.3.6 31.61 241.16 272.77 WARN
r-release-windows-ix86+x86_64 0.3.6 62.00 268.00 330.00 WARN
r-release-osx-x86_64 0.3.6 NOTE
r-oldrel-windows-ix86+x86_64 0.3.6 39.00 256.00 295.00 WARN
r-oldrel-osx-x86_64 0.3.6 NOTE

Check Details

Version: 0.3.6
Check: package dependencies
Result: NOTE
    Package suggested but not available for checking: 'fastshp'
Flavors: r-devel-linux-x86_64-debian-clang, r-devel-linux-x86_64-debian-gcc, r-devel-linux-x86_64-fedora-clang, r-devel-linux-x86_64-fedora-gcc, r-devel-windows-ix86+x86_64, r-devel-windows-ix86+x86_64-gcc8, r-patched-linux-x86_64, r-patched-solaris-x86, r-release-linux-x86_64, r-release-windows-ix86+x86_64, r-release-osx-x86_64, r-oldrel-windows-ix86+x86_64, r-oldrel-osx-x86_64

Version: 0.3.6
Check: for missing documentation entries
Result: WARN
    Undocumented S4 methods:
     generic '[[<-' and siglist 'worldArray,ANY,ANY'
    All user-level objects in a package (including S4 classes and methods)
    should have documentation entries.
    See chapter 'Writing R documentation files' in the 'Writing R
    Extensions' manual.
Flavors: r-devel-linux-x86_64-debian-clang, r-devel-linux-x86_64-debian-gcc, r-devel-linux-x86_64-fedora-clang, r-devel-linux-x86_64-fedora-gcc, r-devel-windows-ix86+x86_64-gcc8, r-patched-linux-x86_64, r-patched-solaris-x86, r-release-linux-x86_64, r-release-windows-ix86+x86_64, r-oldrel-windows-ix86+x86_64