CRAN Package Check Results for Package OGI

Last updated on 2018-10-19 01:46:32 CEST.

Flavor Version Tinstall Tcheck Ttotal Status Flags
r-devel-linux-x86_64-debian-clang 1.0.0 0.92 19.64 20.56 OK
r-devel-linux-x86_64-debian-gcc 1.0.0 0.87 15.87 16.74 OK
r-devel-linux-x86_64-fedora-clang 1.0.0 24.21 NOTE
r-devel-linux-x86_64-fedora-gcc 1.0.0 22.65 NOTE
r-devel-windows-ix86+x86_64 1.0.0 3.00 41.00 44.00 OK
r-patched-linux-x86_64 1.0.0 1.01 17.63 18.64 OK
r-patched-solaris-x86 1.0.0 34.60 NOTE
r-release-linux-x86_64 1.0.0 0.81 17.59 18.40 OK
r-release-windows-ix86+x86_64 1.0.0 2.00 42.00 44.00 OK
r-release-osx-x86_64 1.0.0 NOTE
r-oldrel-windows-ix86+x86_64 1.0.0 2.00 28.00 30.00 OK
r-oldrel-osx-x86_64 1.0.0 NOTE

Check Details

Version: 1.0.0
Check: dependencies in R code
Result: NOTE
    Namespace in Imports field not imported from: ‘methods’
     All declared Imports should be used.
Flavors: r-devel-linux-x86_64-fedora-clang, r-devel-linux-x86_64-fedora-gcc, r-patched-solaris-x86, r-release-osx-x86_64, r-oldrel-osx-x86_64