CRAN Package Check Results for Package OGI

Last updated on 2018-05-26 12:48:22 CEST.

Flavor Version Tinstall Tcheck Ttotal Status Flags
r-devel-linux-x86_64-debian-clang 1.0.0 1.07 18.50 19.57 OK
r-devel-linux-x86_64-debian-gcc 1.0.0 0.73 14.74 15.47 OK
r-devel-linux-x86_64-fedora-clang 1.0.0 23.45 NOTE
r-devel-linux-x86_64-fedora-gcc 1.0.0 21.81 NOTE
r-devel-windows-ix86+x86_64 1.0.0 3.00 40.00 43.00 OK
r-patched-linux-x86_64 1.0.0 0.74 17.78 18.52 OK
r-patched-solaris-x86 1.0.0 34.30 NOTE
r-release-linux-x86_64 1.0.0 0.71 17.56 18.27 OK
r-release-windows-ix86+x86_64 1.0.0 3.00 40.00 43.00 OK
r-release-osx-x86_64 1.0.0 NOTE
r-oldrel-windows-ix86+x86_64 1.0.0 4.00 29.00 33.00 OK
r-oldrel-osx-x86_64 1.0.0 NOTE

Check Details

Version: 1.0.0
Check: dependencies in R code
Result: NOTE
    Namespace in Imports field not imported from: ‘methods’
     All declared Imports should be used.
Flavors: r-devel-linux-x86_64-fedora-clang, r-devel-linux-x86_64-fedora-gcc, r-patched-solaris-x86, r-release-osx-x86_64, r-oldrel-osx-x86_64