CRAN Package Check Results for Package OGI

Last updated on 2018-08-15 08:48:52 CEST.

Flavor Version Tinstall Tcheck Ttotal Status Flags
r-devel-linux-x86_64-debian-clang 1.0.0 1.11 19.74 20.85 OK
r-devel-linux-x86_64-debian-gcc 1.0.0 0.85 15.55 16.40 OK
r-devel-linux-x86_64-fedora-clang 1.0.0 23.81 NOTE
r-devel-linux-x86_64-fedora-gcc 1.0.0 22.64 NOTE
r-devel-windows-ix86+x86_64 1.0.0 2.00 29.00 31.00 OK
r-patched-linux-x86_64 1.0.0 1.02 17.67 18.69 OK
r-patched-solaris-x86 1.0.0 35.30 NOTE
r-release-linux-x86_64 1.0.0 1.08 17.62 18.70 OK
r-release-windows-ix86+x86_64 1.0.0 4.00 40.00 44.00 OK
r-release-osx-x86_64 1.0.0 NOTE
r-oldrel-windows-ix86+x86_64 1.0.0 4.00 28.00 32.00 OK
r-oldrel-osx-x86_64 1.0.0 NOTE

Check Details

Version: 1.0.0
Check: dependencies in R code
Result: NOTE
    Namespace in Imports field not imported from: ‘methods’
     All declared Imports should be used.
Flavors: r-devel-linux-x86_64-fedora-clang, r-devel-linux-x86_64-fedora-gcc, r-patched-solaris-x86, r-release-osx-x86_64, r-oldrel-osx-x86_64