CRAN Package Check Results for Package OGI

Last updated on 2018-02-19 07:54:00 CET.

Flavor Version Tinstall Tcheck Ttotal Status Flags
r-devel-linux-x86_64-debian-clang 1.0.0 1.00 15.58 16.58 OK
r-devel-linux-x86_64-debian-gcc 1.0.0 0.69 13.88 14.57 OK
r-devel-linux-x86_64-fedora-clang 1.0.0 21.54 NOTE
r-devel-linux-x86_64-fedora-gcc 1.0.0 20.44 NOTE
r-devel-windows-ix86+x86_64 1.0.0 2.00 31.00 33.00 OK
r-patched-linux-x86_64 1.0.0 0.81 17.74 18.55 OK
r-patched-solaris-x86 1.0.0 30.30 NOTE
r-release-linux-x86_64 1.0.0 0.68 17.62 18.30 OK
r-release-windows-ix86+x86_64 1.0.0 3.00 37.00 40.00 OK
r-release-osx-x86_64 1.0.0 NOTE
r-oldrel-windows-ix86+x86_64 1.0.0 2.00 37.00 39.00 OK
r-oldrel-osx-x86_64 1.0.0 ERROR

Check Details

Version: 1.0.0
Check: dependencies in R code
Result: NOTE
    Namespace in Imports field not imported from: ‘methods’
     All declared Imports should be used.
Flavors: r-devel-linux-x86_64-fedora-clang, r-devel-linux-x86_64-fedora-gcc, r-patched-solaris-x86, r-release-osx-x86_64

Version: 1.0.0
Check: package dependencies
Result: ERROR
    Packages required and available but unsuitable versions:
     ‘stats’ ‘graphics’ ‘methods’
    
    See section ‘The DESCRIPTION file’ in the ‘Writing R Extensions’
    manual.
Flavor: r-oldrel-osx-x86_64