CRAN Package Check Results for Package RNifti

Last updated on 2019-09-17 00:49:24 CEST.

Flavor Version Tinstall Tcheck Ttotal Status Flags
r-devel-linux-x86_64-debian-clang 0.11.1 26.70 26.88 53.58 OK
r-devel-linux-x86_64-debian-gcc 0.11.1 OK
r-devel-linux-x86_64-fedora-clang 0.11.1 72.65 NOTE
r-devel-linux-x86_64-fedora-gcc 0.11.1 76.90 OK
r-devel-windows-ix86+x86_64 0.11.1 80.00 68.00 148.00 OK
r-patched-linux-x86_64 0.11.1 23.89 26.47 50.36 OK
r-patched-solaris-x86 0.11.1 85.00 OK
r-release-linux-x86_64 0.11.1 24.82 27.38 52.20 OK
r-release-windows-ix86+x86_64 0.11.1 73.00 57.00 130.00 OK
r-release-osx-x86_64 0.11.1 NOTE
r-oldrel-windows-ix86+x86_64 0.11.1 110.00 58.00 168.00 OK
r-oldrel-osx-x86_64 0.11.1 NOTE

Check Details

Version: 0.11.1
Check: installed package size
Result: NOTE
     installed size is 5.1Mb
     sub-directories of 1Mb or more:
     doxygen 1.5Mb
     libs 3.0Mb
Flavors: r-devel-linux-x86_64-fedora-clang, r-release-osx-x86_64, r-oldrel-osx-x86_64