CRAN Package Check Results for Package RNifti

Last updated on 2020-01-29 11:50:17 CET.

Flavor Version Tinstall Tcheck Ttotal Status Flags
r-devel-linux-x86_64-debian-clang 1.0.1 31.40 34.21 65.61 OK
r-devel-linux-x86_64-debian-gcc 1.0.1 25.07 27.05 52.12 OK
r-devel-linux-x86_64-fedora-clang 1.0.1 91.01 NOTE
r-devel-linux-x86_64-fedora-gcc 1.0.1 91.46 OK
r-devel-windows-ix86+x86_64 1.0.1 75.00 75.00 150.00 OK
r-devel-windows-ix86+x86_64-gcc8 1.0.1 95.00 79.00 174.00 NOTE
r-patched-linux-x86_64 1.0.1 OK
r-patched-solaris-x86 1.0.1 93.10 OK
r-release-linux-x86_64 1.0.1 26.08 30.97 57.05 OK
r-release-windows-ix86+x86_64 1.0.1 75.00 71.00 146.00 OK
r-release-osx-x86_64 1.0.1 NOTE
r-oldrel-windows-ix86+x86_64 1.0.1 90.00 80.00 170.00 OK
r-oldrel-osx-x86_64 1.0.1 NOTE

Check Details

Version: 1.0.1
Check: installed package size
Result: NOTE
     installed size is 5.8Mb
     sub-directories of 1Mb or more:
     doxygen 1.6Mb
     libs 3.2Mb
Flavors: r-devel-linux-x86_64-fedora-clang, r-devel-windows-ix86+x86_64-gcc8, r-release-osx-x86_64, r-oldrel-osx-x86_64