CRAN Package Check Results for Package RNiftyReg

Last updated on 2019-10-20 08:47:28 CEST.

Flavor Version Tinstall Tcheck Ttotal Status Flags
r-devel-linux-x86_64-debian-clang 2.6.7 469.33 45.40 514.73 OK
r-devel-linux-x86_64-debian-gcc 2.6.7 383.18 41.28 424.46 OK
r-devel-linux-x86_64-fedora-clang 2.6.7 768.01 NOTE
r-devel-linux-x86_64-fedora-gcc 2.6.7 744.40 OK
r-devel-windows-ix86+x86_64 2.6.7 769.00 89.00 858.00 NOTE
r-patched-linux-x86_64 2.6.7 456.18 48.99 505.17 OK
r-patched-solaris-x86 2.6.7 574.80 OK
r-release-linux-x86_64 2.6.7 448.25 47.66 495.91 OK
r-release-windows-ix86+x86_64 2.6.7 1045.00 92.00 1137.00 NOTE
r-release-osx-x86_64 2.6.7 NOTE
r-oldrel-windows-ix86+x86_64 2.6.7 768.00 85.00 853.00 NOTE
r-oldrel-osx-x86_64 2.6.7 NOTE

Check Details

Version: 2.6.7
Check: installed package size
Result: NOTE
     installed size is 90.4Mb
     sub-directories of 1Mb or more:
     extdata 2.0Mb
     libs 88.2Mb
Flavors: r-devel-linux-x86_64-fedora-clang, r-devel-windows-ix86+x86_64, r-release-windows-ix86+x86_64, r-release-osx-x86_64, r-oldrel-windows-ix86+x86_64, r-oldrel-osx-x86_64