CRAN Package Check Results for Package RQDA

Last updated on 2019-10-20 08:47:28 CEST.

Flavor Version Tinstall Tcheck Ttotal Status Flags
r-devel-linux-x86_64-debian-clang 0.3-1 18.38 102.21 120.59 NOTE
r-devel-linux-x86_64-debian-gcc 0.3-1 13.25 77.07 90.32 NOTE
r-devel-linux-x86_64-fedora-clang 0.3-1 141.99 NOTE
r-devel-linux-x86_64-fedora-gcc 0.3-1 139.18 NOTE
r-devel-windows-ix86+x86_64 0.3-1 69.00 6.00 75.00 ERROR
r-patched-linux-x86_64 0.3-1 17.53 97.63 115.16 NOTE
r-patched-solaris-x86 0.3-1 200.30 NOTE
r-release-linux-x86_64 0.3-1 15.72 98.14 113.86 NOTE
r-release-windows-ix86+x86_64 0.3-1 36.00 100.00 136.00 NOTE
r-release-osx-x86_64 0.3-1 NOTE
r-oldrel-windows-ix86+x86_64 0.3-1 19.00 91.00 110.00 NOTE
r-oldrel-osx-x86_64 0.3-1 NOTE

Check Details

Version: 0.3-1
Check: package dependencies
Result: NOTE
    Package which this enhances but not available for checking: 'rjpod'
Flavors: r-devel-linux-x86_64-debian-clang, r-devel-linux-x86_64-debian-gcc, r-devel-linux-x86_64-fedora-clang, r-devel-linux-x86_64-fedora-gcc, r-devel-windows-ix86+x86_64, r-patched-linux-x86_64, r-patched-solaris-x86, r-release-linux-x86_64, r-release-windows-ix86+x86_64, r-release-osx-x86_64, r-oldrel-windows-ix86+x86_64, r-oldrel-osx-x86_64

Version: 0.3-1
Check: whether package can be installed
Result: ERROR
    Installation failed.
Flavor: r-devel-windows-ix86+x86_64