CRAN Package Check Results for Package Rdpack

Last updated on 2019-10-18 20:46:28 CEST.

Flavor Version Tinstall Tcheck Ttotal Status Flags
r-devel-linux-x86_64-debian-clang 0.11-0 6.24 57.79 64.03 NOTE
r-devel-linux-x86_64-debian-gcc 0.11-0 5.18 45.77 50.95 NOTE
r-devel-linux-x86_64-fedora-clang 0.11-0 83.05 NOTE
r-devel-linux-x86_64-fedora-gcc 0.11-0 76.92 NOTE
r-devel-windows-ix86+x86_64 0.11-0 17.00 89.00 106.00 OK
r-patched-linux-x86_64 0.11-0 5.95 56.94 62.89 OK
r-patched-solaris-x86 0.11-0 113.90 OK
r-release-linux-x86_64 0.11-0 5.40 58.41 63.81 OK
r-release-windows-ix86+x86_64 0.11-0 10.00 92.00 102.00 OK
r-release-osx-x86_64 0.11-0 OK
r-oldrel-windows-ix86+x86_64 0.11-0 8.00 76.00 84.00 OK
r-oldrel-osx-x86_64 0.11-0 OK

Check Details

Version: 0.11-0
Check: for non-standard things in the check directory
Result: NOTE
    Found the following files/directories:
     'dummyfun.Rd'
Flavors: r-devel-linux-x86_64-debian-clang, r-devel-linux-x86_64-debian-gcc, r-devel-linux-x86_64-fedora-clang, r-devel-linux-x86_64-fedora-gcc