CRAN Package Check Results for Package SDMPlay

Last updated on 2019-10-20 08:47:29 CEST.

Flavor Version Tinstall Tcheck Ttotal Status Flags
r-devel-linux-x86_64-debian-clang 1.2 4.05 86.51 90.56 NOTE
r-devel-linux-x86_64-debian-gcc 1.2 3.09 67.65 70.74 NOTE
r-devel-linux-x86_64-fedora-clang 1.2 115.56 NOTE
r-devel-linux-x86_64-fedora-gcc 1.2 111.11 NOTE
r-devel-windows-ix86+x86_64 1.2 9.00 110.00 119.00 NOTE
r-patched-linux-x86_64 1.2 3.26 83.93 87.19 OK
r-patched-solaris-x86 1.2 165.60 NOTE
r-release-linux-x86_64 1.2 3.20 85.70 88.90 OK
r-release-windows-ix86+x86_64 1.2 10.00 114.00 124.00 OK
r-release-osx-x86_64 1.2 NOTE
r-oldrel-windows-ix86+x86_64 1.2 6.00 100.00 106.00 OK
r-oldrel-osx-x86_64 1.2 NOTE

Check Details

Version: 1.2
Check: package vignettes
Result: NOTE
    Package vignette with placeholder title 'Vignette Title':
     'my-vignette.Rmd'
Flavors: r-devel-linux-x86_64-debian-clang, r-devel-linux-x86_64-debian-gcc, r-devel-windows-ix86+x86_64

Version: 1.2
Check: dependencies in R code
Result: NOTE
    Namespace in Imports field not imported from: ‘gbm’
     All declared Imports should be used.
Flavors: r-devel-linux-x86_64-fedora-clang, r-devel-linux-x86_64-fedora-gcc, r-patched-solaris-x86, r-release-osx-x86_64, r-oldrel-osx-x86_64

Version: 1.2
Check: installed package size
Result: NOTE
     installed size is 5.3Mb
     sub-directories of 1Mb or more:
     data 1.5Mb
     vignette_data 2.1Mb
Flavor: r-patched-solaris-x86