CRAN Package Check Results for Package Spectrum

Last updated on 2019-11-12 20:49:15 CET.

Flavor Version Tinstall Tcheck Ttotal Status Flags
r-devel-linux-x86_64-debian-clang 0.9 11.79 209.49 221.28 OK
r-devel-linux-x86_64-debian-gcc 0.9 10.28 154.80 165.08 OK
r-devel-linux-x86_64-fedora-clang 0.9 391.01 WARN
r-devel-linux-x86_64-fedora-gcc 0.9 387.41 WARN
r-devel-windows-ix86+x86_64 0.9 44.00 323.00 367.00 OK
r-patched-linux-x86_64 0.9 11.01 197.63 208.64 OK
r-patched-solaris-x86 0.9 446.50 OK
r-release-linux-x86_64 0.9 11.15 200.17 211.32 OK
r-release-windows-ix86+x86_64 0.9 42.00 217.00 259.00 OK
r-release-osx-x86_64 0.9 OK
r-oldrel-windows-ix86+x86_64 0.9 21.00 291.00 312.00 OK
r-oldrel-osx-x86_64 0.9 OK

Check Details

Version: 0.9
Check: re-building of vignette outputs
Result: WARN
    Error(s) in re-building vignettes:
    --- re-building ‘Spectrum_vignette.Rmd’ using rmarkdown
    tlmgr search --file --global '/framed.sty'
    Trying to automatically install missing LaTeX packages...
    tlmgr install framed
    tlmgr: package repository http://mirror.ox.ac.uk/sites/ctan.org/systems/texlive/tlnet (verified)
    tlmgr install: package already present: framed
    tlmgr path add
    add_link_dir_dir: /usr/local/share/info/dir exists; not making symlink.
    tlmgr search --file --global '/framed.sty'
    ! LaTeX Error: File `framed.sty' not found.
    
    ! Emergency stop.
    <read *>
    
    Error: processing vignette 'Spectrum_vignette.Rmd' failed with diagnostics:
    Failed to compile Spectrum_vignette.tex. See https://yihui.name/tinytex/r/#debugging for debugging tips. See Spectrum_vignette.log for more info.
    --- failed re-building ‘Spectrum_vignette.Rmd’
    
    SUMMARY: processing the following file failed:
     ‘Spectrum_vignette.Rmd’
    
    Error: Vignette re-building failed.
    Execution halted
Flavors: r-devel-linux-x86_64-fedora-clang, r-devel-linux-x86_64-fedora-gcc