CRAN Package Check Results for Package SuperLearner

Last updated on 2020-01-29 07:52:30 CET.

Flavor Version Tinstall Tcheck Ttotal Status Flags
r-devel-linux-x86_64-debian-clang 2.0-26 8.27 489.97 498.24 NOTE
r-devel-linux-x86_64-debian-gcc 2.0-26 5.06 371.93 376.99 NOTE
r-devel-linux-x86_64-fedora-clang 2.0-26 586.12 NOTE
r-devel-linux-x86_64-fedora-gcc 2.0-26 568.63 NOTE
r-devel-windows-ix86+x86_64 2.0-26 12.00 510.00 522.00 NOTE
r-devel-windows-ix86+x86_64-gcc8 2.0-26 15.00 608.00 623.00 NOTE
r-patched-linux-x86_64 2.0-26 NOTE
r-patched-solaris-x86 2.0-26 978.30 NOTE
r-release-linux-x86_64 2.0-26 5.61 444.27 449.88 NOTE
r-release-windows-ix86+x86_64 2.0-26 8.00 456.00 464.00 NOTE
r-release-osx-x86_64 2.0-26 NOTE
r-oldrel-windows-ix86+x86_64 2.0-26 10.00 452.00 462.00 NOTE
r-oldrel-osx-x86_64 2.0-26 NOTE

Check Details

Version: 2.0-26
Check: dependencies in R code
Result: NOTE
    'library' or 'require' call to 'gam' in package code.
     Please use :: or requireNamespace() instead.
     See section 'Suggested packages' in the 'Writing R Extensions' manual.
Flavors: r-devel-linux-x86_64-debian-clang, r-devel-linux-x86_64-debian-gcc, r-devel-linux-x86_64-fedora-clang, r-devel-linux-x86_64-fedora-gcc, r-devel-windows-ix86+x86_64, r-devel-windows-ix86+x86_64-gcc8, r-patched-linux-x86_64, r-patched-solaris-x86, r-release-linux-x86_64, r-release-windows-ix86+x86_64, r-release-osx-x86_64, r-oldrel-windows-ix86+x86_64, r-oldrel-osx-x86_64