CRAN Package Check Results for Package TED

Last updated on 2018-04-23 16:54:01 CEST.

Flavor Version Tinstall Tcheck Ttotal Status Flags
r-devel-linux-x86_64-debian-clang 1.1.1 4.48 48.24 52.72 NOTE
r-devel-linux-x86_64-debian-gcc 1.1.1 3.54 41.26 44.80 NOTE
r-devel-linux-x86_64-fedora-clang 1.1.1 67.80 NOTE
r-devel-linux-x86_64-fedora-gcc 1.1.1 65.44 NOTE
r-devel-windows-ix86+x86_64 1.1.1 10.00 60.00 70.00 NOTE
r-devel-osx-x86_64 1.1.1 NOTE
r-patched-linux-x86_64 1.1.1 4.24 51.44 55.68 NOTE
r-patched-solaris-x86 1.1.1 105.00 NOTE
r-release-linux-x86_64 1.1.1 4.02 53.21 57.23 NOTE
r-release-windows-ix86+x86_64 1.1.1 7.00 101.00 108.00 NOTE
r-release-osx-x86_64 1.1.1 NOTE
r-oldrel-windows-ix86+x86_64 1.1.1 6.00 78.00 84.00 NOTE

Check Details

Version: 1.1.1
Check: R code for possible problems
Result: NOTE
    aniplotevents: no visible global function definition for ‘plot’
    aniplotevents: no visible global function definition for ‘lines’
    cbfs: no visible global function definition for ‘rnorm’
    cbfs: no visible global function definition for ‘runif’
    cbfs_red: no visible global function definition for ‘arima.sim’
    cbfs_red: no visible global function definition for ‘runif’
    eventCluster: no visible global function definition for ‘princomp’
    eventCluster: no visible global function definition for ‘kmeans’
    measures: no visible global function definition for ‘sd’
    measures: no visible global function definition for ‘var’
    measures: no visible global function definition for ‘PP.test’
    noiseTests: no visible global function definition for ‘Box.test’
    noiseTests: no visible global function definition for ‘PP.test’
    noiseTests: no visible global function definition for ‘ar’
    plotevents: no visible global function definition for ‘plot’
    plotevents: no visible global function definition for ‘lines’
    ur.za.fast : roll: no visible global function definition for ‘coef’
    ur.za.fast : roll: no visible global function definition for ‘lm’
    Undefined global functions or variables:
     Box.test PP.test ar arima.sim coef kmeans lines lm plot princomp
     rnorm runif sd var
    Consider adding
     importFrom("graphics", "lines", "plot")
     importFrom("stats", "Box.test", "PP.test", "ar", "arima.sim", "coef",
     "kmeans", "lm", "princomp", "rnorm", "runif", "sd", "var")
    to your NAMESPACE file.
Flavors: r-devel-linux-x86_64-debian-clang, r-devel-linux-x86_64-debian-gcc, r-devel-linux-x86_64-fedora-clang, r-devel-linux-x86_64-fedora-gcc, r-devel-windows-ix86+x86_64, r-devel-osx-x86_64, r-patched-linux-x86_64, r-patched-solaris-x86, r-release-linux-x86_64, r-release-windows-ix86+x86_64, r-release-osx-x86_64, r-oldrel-windows-ix86+x86_64

Version: 1.1.1
Check: package dependencies
Result: NOTE
    Package suggested but not available for checking: 'doMC'
Flavors: r-devel-windows-ix86+x86_64, r-release-windows-ix86+x86_64, r-oldrel-windows-ix86+x86_64