CRAN Package Check Results for Package TSfame

Last updated on 2019-10-20 08:47:32 CEST.

Flavor Version Tinstall Tcheck Ttotal Status Flags
r-devel-linux-x86_64-debian-clang 2015.4-1 5.14 47.50 52.64 NOTE
r-devel-linux-x86_64-debian-gcc 2015.4-1 4.81 36.89 41.70 NOTE
r-devel-linux-x86_64-fedora-clang 2015.4-1 63.44 NOTE
r-devel-linux-x86_64-fedora-gcc 2015.4-1 66.69 NOTE
r-devel-windows-ix86+x86_64 2015.4-1 13.00 58.00 71.00 NOTE
r-patched-linux-x86_64 2015.4-1 5.19 45.57 50.76 NOTE
r-patched-solaris-x86 2015.4-1 88.80 NOTE
r-release-linux-x86_64 2015.4-1 5.86 46.59 52.45 NOTE
r-release-windows-ix86+x86_64 2015.4-1 16.00 60.00 76.00 NOTE
r-release-osx-x86_64 2015.4-1 NOTE
r-oldrel-windows-ix86+x86_64 2015.4-1 5.00 55.00 60.00 NOTE
r-oldrel-osx-x86_64 2015.4-1 NOTE

Check Details

Version: 2015.4-1
Check: R code for possible problems
Result: NOTE
    vintageMap: no visible global function definition for 'read.table'
    TSget,character-TSfameLocalConnection: no visible global function
     definition for 'as.ts'
    TSget,character-TSfameLocalConnection: no visible global function
     definition for 'zoo'
    TSget,character-TSfameLocalConnection: no visible global function
     definition for 'frequency'
    TSget,character-TSfameServerConnection: no visible global function
     definition for 'as.ts'
    TSget,character-TSfameServerConnection: no visible global function
     definition for 'zoo'
    TSget,character-TSfameServerConnection: no visible global function
     definition for 'frequency'
    Undefined global functions or variables:
     as.ts frequency read.table zoo
    Consider adding
     importFrom("stats", "as.ts", "frequency")
     importFrom("utils", "read.table")
    to your NAMESPACE file.
Flavors: r-devel-linux-x86_64-debian-clang, r-devel-linux-x86_64-debian-gcc, r-devel-linux-x86_64-fedora-clang, r-devel-linux-x86_64-fedora-gcc, r-devel-windows-ix86+x86_64, r-patched-linux-x86_64, r-patched-solaris-x86, r-release-linux-x86_64, r-release-windows-ix86+x86_64, r-release-osx-x86_64, r-oldrel-windows-ix86+x86_64, r-oldrel-osx-x86_64