CRAN Package Check Results for Package VGAM

Last updated on 2019-06-18 04:47:35 CEST.

Flavor Version Tinstall Tcheck Ttotal Status Flags
r-devel-linux-x86_64-debian-clang 1.1-1 88.61 516.87 605.48 OK
r-devel-linux-x86_64-debian-gcc 1.1-1 71.32 388.03 459.35 OK
r-devel-linux-x86_64-fedora-clang 1.1-1 689.45 NOTE
r-devel-linux-x86_64-fedora-gcc 1.1-1 664.66 OK
r-devel-windows-ix86+x86_64 1.1-1 232.00 740.00 972.00 NOTE
r-patched-linux-x86_64 1.1-1 88.16 522.62 610.78 OK
r-patched-solaris-x86 1.1-1 924.20 NOTE
r-release-linux-x86_64 1.1-1 85.95 520.94 606.89 OK
r-release-windows-ix86+x86_64 1.1-1 211.00 914.00 1125.00 NOTE
r-release-osx-x86_64 1.1-1 NOTE
r-oldrel-windows-ix86+x86_64 1.1-1 141.00 724.00 865.00 NOTE
r-oldrel-osx-x86_64 1.1-1 NOTE

Additional issues

LTO

Check Details

Version: 1.1-1
Check: installed package size
Result: NOTE
     installed size is 9.1Mb
     sub-directories of 1Mb or more:
     R 3.7Mb
     doc 1.2Mb
     help 2.8Mb
Flavors: r-devel-linux-x86_64-fedora-clang, r-devel-windows-ix86+x86_64, r-patched-solaris-x86, r-release-windows-ix86+x86_64, r-release-osx-x86_64, r-oldrel-windows-ix86+x86_64, r-oldrel-osx-x86_64