CRAN Package Check Results for Package VGAM

Last updated on 2019-10-15 20:49:01 CEST.

Flavor Version Tinstall Tcheck Ttotal Status Flags
r-devel-linux-x86_64-debian-clang 1.1-1 91.86 514.60 606.46 OK
r-devel-linux-x86_64-debian-gcc 1.1-1 74.43 380.62 455.05 OK
r-devel-linux-x86_64-fedora-clang 1.1-1 677.68 NOTE
r-devel-linux-x86_64-fedora-gcc 1.1-1 722.98 OK
r-devel-windows-ix86+x86_64 1.1-1 147.00 912.00 1059.00 NOTE
r-patched-linux-x86_64 1.1-1 83.15 507.77 590.92 OK
r-patched-solaris-x86 1.1-1 884.20 NOTE
r-release-linux-x86_64 1.1-1 86.48 514.73 601.21 OK
r-release-windows-ix86+x86_64 1.1-1 196.00 696.00 892.00 NOTE
r-release-osx-x86_64 1.1-1 NOTE
r-oldrel-windows-ix86+x86_64 1.1-1 164.00 606.00 770.00 NOTE
r-oldrel-osx-x86_64 1.1-1 NOTE

Additional issues

LTO

Check Details

Version: 1.1-1
Check: installed package size
Result: NOTE
     installed size is 9.1Mb
     sub-directories of 1Mb or more:
     R 3.6Mb
     doc 1.2Mb
     help 2.8Mb
Flavors: r-devel-linux-x86_64-fedora-clang, r-devel-windows-ix86+x86_64, r-patched-solaris-x86, r-release-windows-ix86+x86_64, r-release-osx-x86_64, r-oldrel-windows-ix86+x86_64, r-oldrel-osx-x86_64