CRAN Package Check Results for Package VIMGUI

Last updated on 2019-10-23 12:48:25 CEST.

Flavor Version Tinstall Tcheck Ttotal Status Flags
r-devel-linux-x86_64-debian-clang 0.10.0 28.30 194.39 222.69 OK
r-devel-linux-x86_64-debian-gcc 0.10.0 20.83 162.01 182.84 OK
r-devel-linux-x86_64-fedora-clang 0.10.0 270.27 OK
r-devel-linux-x86_64-fedora-gcc 0.10.0 266.74 OK
r-devel-windows-ix86+x86_64 0.10.0 95.00 5.00 100.00 ERROR
r-patched-linux-x86_64 0.10.0 27.44 212.34 239.78 OK
r-patched-solaris-x86 0.10.0 432.70 OK
r-release-linux-x86_64 0.10.0 28.09 210.52 238.61 OK
r-release-windows-ix86+x86_64 0.10.0 90.00 178.00 268.00 OK
r-release-osx-x86_64 0.10.0 OK
r-oldrel-windows-ix86+x86_64 0.10.0 41.00 188.00 229.00 OK
r-oldrel-osx-x86_64 0.10.0 OK

Check Details

Version: 0.10.0
Check: whether package can be installed
Result: ERROR
    Installation failed.
Flavor: r-devel-windows-ix86+x86_64