CRAN Package Check Results for Package aaSEA

Last updated on 2019-11-21 19:48:32 CET.

Flavor Version Tinstall Tcheck Ttotal Status Flags
r-devel-linux-x86_64-debian-clang 1.1.0 12.76 112.77 125.53 OK
r-devel-linux-x86_64-debian-gcc 1.1.0 10.63 88.08 98.71 OK
r-devel-linux-x86_64-fedora-clang 1.1.0 141.97 NOTE
r-devel-linux-x86_64-fedora-gcc 1.1.0 147.58 NOTE
r-devel-windows-ix86+x86_64 1.1.0 52.00 186.00 238.00 OK
r-devel-windows-ix86+x86_64-gcc8 1.1.0 31.00 132.00 163.00 OK
r-patched-linux-x86_64 1.1.0 10.80 104.38 115.18 OK
r-patched-solaris-x86 1.1.0 199.10 WARN
r-release-linux-x86_64 1.1.0 10.04 104.44 114.48 OK
r-release-windows-ix86+x86_64 1.1.0 36.00 140.00 176.00 OK
r-release-osx-x86_64 1.1.0 WARN
r-oldrel-windows-ix86+x86_64 1.1.0 16.00 210.00 226.00 OK
r-oldrel-osx-x86_64 1.1.0 WARN

Check Details

Version: 1.1.0
Check: dependencies in R code
Result: NOTE
    Namespaces in Imports field not imported from:
     ‘DT’ ‘shinydashboard’
     All declared Imports should be used.
Flavors: r-devel-linux-x86_64-fedora-clang, r-devel-linux-x86_64-fedora-gcc, r-patched-solaris-x86, r-release-osx-x86_64, r-oldrel-osx-x86_64

Version: 1.1.0
Check: re-building of vignette outputs
Result: WARN
    Error(s) in re-building vignettes:
     ...
    --- re-building ‘aaSEA_Documentation.Rmd’ using rmarkdown
    Warning in engine$weave(file, quiet = quiet, encoding = enc) :
     Pandoc (>= 1.12.3) and/or pandoc-citeproc not available. Falling back to R Markdown v1.
    Warning in RColorBrewer::brewer.pal(N, "Set2") :
     n too large, allowed maximum for palette Set2 is 8
    Returning the palette you asked for with that many colors
    
    Warning in RColorBrewer::brewer.pal(N, "Set2") :
     n too large, allowed maximum for palette Set2 is 8
    Returning the palette you asked for with that many colors
    
    Quitting from lines 90-91 (aaSEA_Documentation.Rmd)
    Error: processing vignette 'aaSEA_Documentation.Rmd' failed with diagnostics:
    there is no package called 'webshot'
    --- failed re-building ‘aaSEA_Documentation.Rmd’
    
    SUMMARY: processing the following file failed:
     ‘aaSEA_Documentation.Rmd’
    
    Error: Vignette re-building failed.
    Execution halted
Flavor: r-patched-solaris-x86

Version: 1.1.0
Check: re-building of vignette outputs
Result: WARN
    Error(s) in re-building vignettes:
    --- re-building ‘aaSEA_Documentation.Rmd’ using rmarkdown
    Warning in engine$weave(file, quiet = quiet, encoding = enc) :
     Pandoc (>= 1.12.3) and/or pandoc-citeproc not available. Falling back to R Markdown v1.
    Warning in RColorBrewer::brewer.pal(N, "Set2") :
     n too large, allowed maximum for palette Set2 is 8
    Returning the palette you asked for with that many colors
    
    Warning in RColorBrewer::brewer.pal(N, "Set2") :
     n too large, allowed maximum for palette Set2 is 8
    Returning the palette you asked for with that many colors
    
    Warning in normalizePath(f2) :
     path[1]="webshot3f472895632b.png": No such file or directory
    Warning in file(con, "rb") :
     cannot open file 'webshot3f472895632b.png': No such file or directory
    Quitting from lines 90-91 (aaSEA_Documentation.Rmd)
    Error: processing vignette 'aaSEA_Documentation.Rmd' failed with diagnostics:
    cannot open the connection
    --- failed re-building ‘aaSEA_Documentation.Rmd’
    
    SUMMARY: processing the following file failed:
     ‘aaSEA_Documentation.Rmd’
    
    Error: Vignette re-building failed.
    Execution halted
Flavor: r-release-osx-x86_64

Version: 1.1.0
Check: re-building of vignette outputs
Result: WARN
    Error in re-building vignettes:
     ...
    Warning in engine$weave(file, quiet = quiet, encoding = enc) :
     Pandoc (>= 1.12.3) and/or pandoc-citeproc not available. Falling back to R Markdown v1.
    Warning in RColorBrewer::brewer.pal(N, "Set2") :
     n too large, allowed maximum for palette Set2 is 8
    Returning the palette you asked for with that many colors
    
    Warning in RColorBrewer::brewer.pal(N, "Set2") :
     n too large, allowed maximum for palette Set2 is 8
    Returning the palette you asked for with that many colors
    
    Warning in normalizePath(f2) :
     path[1]="webshota48e5a51ffbd.png": No such file or directory
    Warning in file(con, "rb") :
     cannot open file 'webshota48e5a51ffbd.png': No such file or directory
    Quitting from lines 90-91 (aaSEA_Documentation.Rmd)
    Error: processing vignette 'aaSEA_Documentation.Rmd' failed with diagnostics:
    cannot open the connection
    Execution halted
Flavor: r-oldrel-osx-x86_64