CRAN Package Check Results for Package abn

Last updated on 2020-06-06 00:49:19 CEST.

Flavor Version Tinstall Tcheck Ttotal Status Flags
r-devel-linux-x86_64-debian-clang 2.2 188.38 103.17 291.55 WARN
r-devel-linux-x86_64-debian-gcc 2.2 137.61 78.90 216.51 WARN
r-devel-linux-x86_64-fedora-clang 2.2 394.53 WARN
r-devel-linux-x86_64-fedora-gcc 2.2 370.07 WARN
r-devel-windows-ix86+x86_64 2.2 475.00 175.00 650.00 WARN
r-patched-linux-x86_64 2.2 152.25 103.48 255.73 NOTE
r-patched-solaris-x86 2.2 350.10 NOTE
r-release-linux-x86_64 2.2 154.44 103.34 257.78 NOTE
r-release-osx-x86_64 2.2 NOTE
r-release-windows-ix86+x86_64 2.2 390.00 202.00 592.00 NOTE
r-oldrel-osx-x86_64 2.2 NOTE
r-oldrel-windows-ix86+x86_64 2.2 468.00 150.00 618.00 NOTE

Check Details

Version: 2.2
Check: package dependencies
Result: NOTE
    Package suggested but not available for checking: 'INLA'
Flavors: r-devel-linux-x86_64-debian-clang, r-devel-linux-x86_64-debian-gcc, r-patched-linux-x86_64, r-patched-solaris-x86, r-release-linux-x86_64, r-release-osx-x86_64, r-oldrel-osx-x86_64

Version: 2.2
Check: whether the namespace can be loaded with stated dependencies
Result: WARN
    Warning: S4 exports specified in 'NAMESPACE' but not defined in package 'abn'
Flavors: r-devel-linux-x86_64-debian-clang, r-devel-linux-x86_64-debian-gcc, r-devel-linux-x86_64-fedora-clang, r-devel-linux-x86_64-fedora-gcc, r-devel-windows-ix86+x86_64, r-devel-windows-ix86+x86_64

Version: 2.2
Check: installed package size
Result: NOTE
     installed size is 10.2Mb
     sub-directories of 1Mb or more:
     libs 7.3Mb
Flavors: r-devel-linux-x86_64-fedora-clang, r-devel-windows-ix86+x86_64, r-release-osx-x86_64, r-release-windows-ix86+x86_64, r-oldrel-osx-x86_64, r-oldrel-windows-ix86+x86_64